{"id":3417,"date":"2025-02-13T11:12:13","date_gmt":"2025-02-13T11:12:13","guid":{"rendered":"http:\/\/167.86.125.240:8082\/?post_type=product&#038;p=3417"},"modified":"2026-01-19T11:49:48","modified_gmt":"2026-01-19T11:49:48","slug":"irimo-minilinterna-smd-inalambrica-y-plegable-l-mini-1","status":"publish","type":"product","link":"https:\/\/mejordiagnosis.com\/tienda\/producto\/irimo-minilinterna-smd-inalambrica-y-plegable-l-mini-1\/","title":{"rendered":"IRIMO Minilinterna SMD inal\u00e1mbrica y plegable L-MINI-1"},"content":{"rendered":"<div id=\"details\" class=\"data item details\">\n<div class=\"title\">Detalles del producto<\/div>\n<div class=\"item content\">\n<div class=\"product attribute details\">\n<ul class=\"product-details-list\">\n<li class=\"detail-item\">4\u00a0LED SMD de 250\u00a0lm (principal) y LED SMD de 70\u00a0lm (linterna).<\/li>\n<li class=\"detail-item\">El mango puede flexionarse 180\u00b0.<\/li>\n<li class=\"detail-item\">Im\u00e1n de neodimio en la base.<\/li>\n<li class=\"detail-item\">Gancho plegable que gira totalmente 360\u00b0.<\/li>\n<li class=\"detail-item\">Bater\u00eda de litio de 3,7\u00a0V y 1000\u00a0mAh.<\/li>\n<li class=\"detail-item\">Hasta 7\u00a0horas de funcionamiento.<\/li>\n<li class=\"detail-item\">Incluye cable de carga micro USB de 1\u00a0m.<\/li>\n<li class=\"detail-item\">Temperatura del color: 5700\u00baK.<\/li>\n<li class=\"detail-item\">IP20\/IK07.<\/li>\n<li class=\"detail-item\">\u00cdndice de reproducci\u00f3n crom\u00e1tica (CRI) &gt;80<\/li>\n<li class=\"detail-item\">CE-EMC\/RoHS\/Reach.<\/li>\n<\/ul>\n<p><img fetchpriority=\"high\" decoding=\"async\" class=\"size-full wp-image-3423 alignleft\" src=\"http:\/\/167.86.125.240:8082\/wp-content\/uploads\/2025\/02\/IRIMO-Minilinterna-SMD-inalambrica-y-plegable-L-MINI-1-6.jpg\" alt=\"\" width=\"988\" height=\"225\" srcset=\"https:\/\/mejordiagnosis.com\/tienda\/wp-content\/uploads\/2025\/02\/IRIMO-Minilinterna-SMD-inalambrica-y-plegable-L-MINI-1-6.jpg 988w, https:\/\/mejordiagnosis.com\/tienda\/wp-content\/uploads\/2025\/02\/IRIMO-Minilinterna-SMD-inalambrica-y-plegable-L-MINI-1-6-300x68.jpg 300w, https:\/\/mejordiagnosis.com\/tienda\/wp-content\/uploads\/2025\/02\/IRIMO-Minilinterna-SMD-inalambrica-y-plegable-L-MINI-1-6-768x175.jpg 768w, https:\/\/mejordiagnosis.com\/tienda\/wp-content\/uploads\/2025\/02\/IRIMO-Minilinterna-SMD-inalambrica-y-plegable-L-MINI-1-6-600x137.jpg 600w\" sizes=\"(max-width: 988px) 100vw, 988px\" \/><\/p>\n<\/div>\n<\/div>\n<\/div>\n","protected":false},"excerpt":{"rendered":"<p>Detalles del producto 4\u00a0LED SMD de 250\u00a0lm (principal) y LED SMD de 70\u00a0lm (linterna). El mango puede flexionarse 180\u00b0. Im\u00e1n [&hellip;]<\/p>\n","protected":false},"featured_media":3418,"template":"","meta":{"site-sidebar-layout":"default","site-content-layout":"","ast-site-content-layout":"default","site-content-style":"default","site-sidebar-style":"default","ast-global-header-display":"","ast-banner-title-visibility":"","ast-main-header-display":"","ast-hfb-above-header-display":"","ast-hfb-below-header-display":"","ast-hfb-mobile-header-display":"","site-post-title":"","ast-breadcrumbs-content":"","ast-featured-img":"","footer-sml-layout":"","ast-disable-related-posts":"","theme-transparent-header-meta":"default","adv-header-id-meta":"","stick-header-meta":"","header-above-stick-meta":"","header-main-stick-meta":"","header-below-stick-meta":"","astra-migrate-meta-layouts":"set","ast-page-background-enabled":"default","ast-page-background-meta":{"desktop":{"background-color":"var(--ast-global-color-4)","background-image":"","background-repeat":"repeat","background-position":"center center","background-size":"auto","background-attachment":"scroll","background-type":"","background-media":"","overlay-type":"","overlay-color":"","overlay-opacity":"","overlay-gradient":""},"tablet":{"background-color":"","background-image":"","background-repeat":"repeat","background-position":"center center","background-size":"auto","background-attachment":"scroll","background-type":"","background-media":"","overlay-type":"","overlay-color":"","overlay-opacity":"","overlay-gradient":""},"mobile":{"background-color":"","background-image":"","background-repeat":"repeat","background-position":"center center","background-size":"auto","background-attachment":"scroll","background-type":"","background-media":"","overlay-type":"","overlay-color":"","overlay-opacity":"","overlay-gradient":""}},"ast-content-background-meta":{"desktop":{"background-color":"var(--ast-global-color-5)","background-image":"","background-repeat":"repeat","background-position":"center center","background-size":"auto","background-attachment":"scroll","background-type":"","background-media":"","overlay-type":"","overlay-color":"","overlay-opacity":"","overlay-gradient":""},"tablet":{"background-color":"var(--ast-global-color-5)","background-image":"","background-repeat":"repeat","background-position":"center center","background-size":"auto","background-attachment":"scroll","background-type":"","background-media":"","overlay-type":"","overlay-color":"","overlay-opacity":"","overlay-gradient":""},"mobile":{"background-color":"var(--ast-global-color-5)","background-image":"","background-repeat":"repeat","background-position":"center center","background-size":"auto","background-attachment":"scroll","background-type":"","background-media":"","overlay-type":"","overlay-color":"","overlay-opacity":"","overlay-gradient":""}}},"product_brand":[290],"product_cat":[295],"product_tag":[],"class_list":{"0":"post-3417","1":"product","2":"type-product","3":"status-publish","4":"has-post-thumbnail","6":"product_brand-irimo","7":"product_cat-iluminacion","8":"product_shipping_class-peso-mediano","9":"desktop-align-left","10":"tablet-align-left","11":"mobile-align-left","13":"first","14":"instock","15":"taxable","16":"shipping-taxable","17":"product-type-simple"},"yoast_head":"<!-- This site is optimized with the Yoast SEO plugin v27.4 - https:\/\/yoast.com\/product\/yoast-seo-wordpress\/ -->\n<title>IRIMO Minilinterna SMD inal\u00e1mbrica y plegable L-MINI-1 | Mejordiagnosis S.L<\/title>\n<meta name=\"description\" content=\"IRIMO Minilinterna SMD inal\u00e1mbrica y plegable L-MINI-1\" \/>\n<meta name=\"robots\" content=\"noindex, follow\" \/>\n<meta property=\"og:locale\" content=\"es_ES\" \/>\n<meta property=\"og:type\" content=\"article\" \/>\n<meta property=\"og:title\" content=\"IRIMO Minilinterna SMD inal\u00e1mbrica y plegable L-MINI-1 | Mejordiagnosis S.L\" \/>\n<meta property=\"og:description\" content=\"IRIMO Minilinterna SMD inal\u00e1mbrica y plegable L-MINI-1\" \/>\n<meta property=\"og:url\" content=\"https:\/\/mejordiagnosis.com\/tienda\/producto\/irimo-minilinterna-smd-inalambrica-y-plegable-l-mini-1\/\" \/>\n<meta property=\"og:site_name\" content=\"Mejordiagnosis S.L\" \/>\n<meta property=\"article:publisher\" content=\"https:\/\/www.facebook.com\/mejordiagnosis\/\" \/>\n<meta property=\"article:modified_time\" content=\"2026-01-19T11:49:48+00:00\" \/>\n<meta property=\"og:image\" content=\"https:\/\/mejordiagnosis.com\/tienda\/wp-content\/uploads\/2025\/02\/IRIMO-Minilinterna-SMD-inalambrica-y-plegable-L-MINI-1-1.jpg\" \/>\n\t<meta property=\"og:image:width\" content=\"906\" \/>\n\t<meta property=\"og:image:height\" content=\"800\" \/>\n\t<meta property=\"og:image:type\" content=\"image\/jpeg\" \/>\n<script type=\"application\/ld+json\" class=\"yoast-schema-graph\">{\"@context\":\"https:\\\/\\\/schema.org\",\"@graph\":[{\"@type\":\"WebPage\",\"@id\":\"https:\\\/\\\/mejordiagnosis.com\\\/tienda\\\/producto\\\/irimo-minilinterna-smd-inalambrica-y-plegable-l-mini-1\\\/\",\"url\":\"https:\\\/\\\/mejordiagnosis.com\\\/tienda\\\/producto\\\/irimo-minilinterna-smd-inalambrica-y-plegable-l-mini-1\\\/\",\"name\":\"IRIMO Minilinterna SMD inal\u00e1mbrica y plegable L-MINI-1 | Mejordiagnosis S.L\",\"isPartOf\":{\"@id\":\"https:\\\/\\\/mejordiagnosis.com\\\/tienda\\\/#website\"},\"primaryImageOfPage\":{\"@id\":\"https:\\\/\\\/mejordiagnosis.com\\\/tienda\\\/producto\\\/irimo-minilinterna-smd-inalambrica-y-plegable-l-mini-1\\\/#primaryimage\"},\"image\":{\"@id\":\"https:\\\/\\\/mejordiagnosis.com\\\/tienda\\\/producto\\\/irimo-minilinterna-smd-inalambrica-y-plegable-l-mini-1\\\/#primaryimage\"},\"thumbnailUrl\":\"https:\\\/\\\/mejordiagnosis.com\\\/tienda\\\/wp-content\\\/uploads\\\/2025\\\/02\\\/IRIMO-Minilinterna-SMD-inalambrica-y-plegable-L-MINI-1-1.jpg\",\"datePublished\":\"2025-02-13T11:12:13+00:00\",\"dateModified\":\"2026-01-19T11:49:48+00:00\",\"description\":\"IRIMO Minilinterna SMD inal\u00e1mbrica y plegable L-MINI-1\",\"breadcrumb\":{\"@id\":\"https:\\\/\\\/mejordiagnosis.com\\\/tienda\\\/producto\\\/irimo-minilinterna-smd-inalambrica-y-plegable-l-mini-1\\\/#breadcrumb\"},\"inLanguage\":\"es\",\"potentialAction\":[{\"@type\":\"ReadAction\",\"target\":[\"https:\\\/\\\/mejordiagnosis.com\\\/tienda\\\/producto\\\/irimo-minilinterna-smd-inalambrica-y-plegable-l-mini-1\\\/\"]}]},{\"@type\":\"ImageObject\",\"inLanguage\":\"es\",\"@id\":\"https:\\\/\\\/mejordiagnosis.com\\\/tienda\\\/producto\\\/irimo-minilinterna-smd-inalambrica-y-plegable-l-mini-1\\\/#primaryimage\",\"url\":\"https:\\\/\\\/mejordiagnosis.com\\\/tienda\\\/wp-content\\\/uploads\\\/2025\\\/02\\\/IRIMO-Minilinterna-SMD-inalambrica-y-plegable-L-MINI-1-1.jpg\",\"contentUrl\":\"https:\\\/\\\/mejordiagnosis.com\\\/tienda\\\/wp-content\\\/uploads\\\/2025\\\/02\\\/IRIMO-Minilinterna-SMD-inalambrica-y-plegable-L-MINI-1-1.jpg\",\"width\":906,\"height\":800},{\"@type\":\"BreadcrumbList\",\"@id\":\"https:\\\/\\\/mejordiagnosis.com\\\/tienda\\\/producto\\\/irimo-minilinterna-smd-inalambrica-y-plegable-l-mini-1\\\/#breadcrumb\",\"itemListElement\":[{\"@type\":\"ListItem\",\"position\":1,\"name\":\"Portada\",\"item\":\"https:\\\/\\\/mejordiagnosis.com\\\/tienda\\\/\"},{\"@type\":\"ListItem\",\"position\":2,\"name\":\"Tienda\",\"item\":\"https:\\\/\\\/mejordiagnosis.com\\\/tienda\\\/shop\\\/\"},{\"@type\":\"ListItem\",\"position\":3,\"name\":\"IRIMO Minilinterna SMD inal\u00e1mbrica y plegable L-MINI-1\"}]},{\"@type\":\"WebSite\",\"@id\":\"https:\\\/\\\/mejordiagnosis.com\\\/tienda\\\/#website\",\"url\":\"https:\\\/\\\/mejordiagnosis.com\\\/tienda\\\/\",\"name\":\"Mejordiagnosis.com\",\"description\":\"Equipos de diagnosis para el autom&oacute;vil\",\"publisher\":{\"@id\":\"https:\\\/\\\/mejordiagnosis.com\\\/tienda\\\/#organization\"},\"alternateName\":\"Mejordiagnosisnm S.L\",\"potentialAction\":[{\"@type\":\"SearchAction\",\"target\":{\"@type\":\"EntryPoint\",\"urlTemplate\":\"https:\\\/\\\/mejordiagnosis.com\\\/tienda\\\/?s={search_term_string}\"},\"query-input\":{\"@type\":\"PropertyValueSpecification\",\"valueRequired\":true,\"valueName\":\"search_term_string\"}}],\"inLanguage\":\"es\"},{\"@type\":\"Organization\",\"@id\":\"https:\\\/\\\/mejordiagnosis.com\\\/tienda\\\/#organization\",\"name\":\"Mejordiagnosis S.L\",\"alternateName\":\"Mejor Diagnosis\",\"url\":\"https:\\\/\\\/mejordiagnosis.com\\\/tienda\\\/\",\"logo\":{\"@type\":\"ImageObject\",\"inLanguage\":\"es\",\"@id\":\"https:\\\/\\\/mejordiagnosis.com\\\/tienda\\\/#\\\/schema\\\/logo\\\/image\\\/\",\"url\":\"https:\\\/\\\/mejordiagnosis.com\\\/tienda\\\/wp-content\\\/uploads\\\/2025\\\/03\\\/cropped-cropped-cropped-cropped-logo-removebg-300x257-1.png\",\"contentUrl\":\"https:\\\/\\\/mejordiagnosis.com\\\/tienda\\\/wp-content\\\/uploads\\\/2025\\\/03\\\/cropped-cropped-cropped-cropped-logo-removebg-300x257-1.png\",\"width\":300,\"height\":257,\"caption\":\"Mejordiagnosis S.L\"},\"image\":{\"@id\":\"https:\\\/\\\/mejordiagnosis.com\\\/tienda\\\/#\\\/schema\\\/logo\\\/image\\\/\"},\"sameAs\":[\"https:\\\/\\\/www.facebook.com\\\/mejordiagnosis\\\/\",\"https:\\\/\\\/www.instagram.com\\\/mejor.diagnosis\\\/\",\"https:\\\/\\\/www.tiktok.com\\\/@mejor.diagnosis?lang=es\"]}]}<\/script>\n<!-- \/ Yoast SEO plugin. -->","yoast_head_json":{"title":"IRIMO Minilinterna SMD inal\u00e1mbrica y plegable L-MINI-1 | Mejordiagnosis S.L","description":"IRIMO Minilinterna SMD inal\u00e1mbrica y plegable L-MINI-1","robots":{"index":"noindex","follow":"follow"},"og_locale":"es_ES","og_type":"article","og_title":"IRIMO Minilinterna SMD inal\u00e1mbrica y plegable L-MINI-1 | Mejordiagnosis S.L","og_description":"IRIMO Minilinterna SMD inal\u00e1mbrica y plegable L-MINI-1","og_url":"https:\/\/mejordiagnosis.com\/tienda\/producto\/irimo-minilinterna-smd-inalambrica-y-plegable-l-mini-1\/","og_site_name":"Mejordiagnosis S.L","article_publisher":"https:\/\/www.facebook.com\/mejordiagnosis\/","article_modified_time":"2026-01-19T11:49:48+00:00","og_image":[{"width":906,"height":800,"url":"https:\/\/mejordiagnosis.com\/tienda\/wp-content\/uploads\/2025\/02\/IRIMO-Minilinterna-SMD-inalambrica-y-plegable-L-MINI-1-1.jpg","type":"image\/jpeg"}],"schema":{"@context":"https:\/\/schema.org","@graph":[{"@type":"WebPage","@id":"https:\/\/mejordiagnosis.com\/tienda\/producto\/irimo-minilinterna-smd-inalambrica-y-plegable-l-mini-1\/","url":"https:\/\/mejordiagnosis.com\/tienda\/producto\/irimo-minilinterna-smd-inalambrica-y-plegable-l-mini-1\/","name":"IRIMO Minilinterna SMD inal\u00e1mbrica y plegable L-MINI-1 | Mejordiagnosis S.L","isPartOf":{"@id":"https:\/\/mejordiagnosis.com\/tienda\/#website"},"primaryImageOfPage":{"@id":"https:\/\/mejordiagnosis.com\/tienda\/producto\/irimo-minilinterna-smd-inalambrica-y-plegable-l-mini-1\/#primaryimage"},"image":{"@id":"https:\/\/mejordiagnosis.com\/tienda\/producto\/irimo-minilinterna-smd-inalambrica-y-plegable-l-mini-1\/#primaryimage"},"thumbnailUrl":"https:\/\/mejordiagnosis.com\/tienda\/wp-content\/uploads\/2025\/02\/IRIMO-Minilinterna-SMD-inalambrica-y-plegable-L-MINI-1-1.jpg","datePublished":"2025-02-13T11:12:13+00:00","dateModified":"2026-01-19T11:49:48+00:00","description":"IRIMO Minilinterna SMD inal\u00e1mbrica y plegable L-MINI-1","breadcrumb":{"@id":"https:\/\/mejordiagnosis.com\/tienda\/producto\/irimo-minilinterna-smd-inalambrica-y-plegable-l-mini-1\/#breadcrumb"},"inLanguage":"es","potentialAction":[{"@type":"ReadAction","target":["https:\/\/mejordiagnosis.com\/tienda\/producto\/irimo-minilinterna-smd-inalambrica-y-plegable-l-mini-1\/"]}]},{"@type":"ImageObject","inLanguage":"es","@id":"https:\/\/mejordiagnosis.com\/tienda\/producto\/irimo-minilinterna-smd-inalambrica-y-plegable-l-mini-1\/#primaryimage","url":"https:\/\/mejordiagnosis.com\/tienda\/wp-content\/uploads\/2025\/02\/IRIMO-Minilinterna-SMD-inalambrica-y-plegable-L-MINI-1-1.jpg","contentUrl":"https:\/\/mejordiagnosis.com\/tienda\/wp-content\/uploads\/2025\/02\/IRIMO-Minilinterna-SMD-inalambrica-y-plegable-L-MINI-1-1.jpg","width":906,"height":800},{"@type":"BreadcrumbList","@id":"https:\/\/mejordiagnosis.com\/tienda\/producto\/irimo-minilinterna-smd-inalambrica-y-plegable-l-mini-1\/#breadcrumb","itemListElement":[{"@type":"ListItem","position":1,"name":"Portada","item":"https:\/\/mejordiagnosis.com\/tienda\/"},{"@type":"ListItem","position":2,"name":"Tienda","item":"https:\/\/mejordiagnosis.com\/tienda\/shop\/"},{"@type":"ListItem","position":3,"name":"IRIMO Minilinterna SMD inal\u00e1mbrica y plegable L-MINI-1"}]},{"@type":"WebSite","@id":"https:\/\/mejordiagnosis.com\/tienda\/#website","url":"https:\/\/mejordiagnosis.com\/tienda\/","name":"Mejordiagnosis.com","description":"Equipos de diagnosis para el autom&oacute;vil","publisher":{"@id":"https:\/\/mejordiagnosis.com\/tienda\/#organization"},"alternateName":"Mejordiagnosisnm S.L","potentialAction":[{"@type":"SearchAction","target":{"@type":"EntryPoint","urlTemplate":"https:\/\/mejordiagnosis.com\/tienda\/?s={search_term_string}"},"query-input":{"@type":"PropertyValueSpecification","valueRequired":true,"valueName":"search_term_string"}}],"inLanguage":"es"},{"@type":"Organization","@id":"https:\/\/mejordiagnosis.com\/tienda\/#organization","name":"Mejordiagnosis S.L","alternateName":"Mejor Diagnosis","url":"https:\/\/mejordiagnosis.com\/tienda\/","logo":{"@type":"ImageObject","inLanguage":"es","@id":"https:\/\/mejordiagnosis.com\/tienda\/#\/schema\/logo\/image\/","url":"https:\/\/mejordiagnosis.com\/tienda\/wp-content\/uploads\/2025\/03\/cropped-cropped-cropped-cropped-logo-removebg-300x257-1.png","contentUrl":"https:\/\/mejordiagnosis.com\/tienda\/wp-content\/uploads\/2025\/03\/cropped-cropped-cropped-cropped-logo-removebg-300x257-1.png","width":300,"height":257,"caption":"Mejordiagnosis S.L"},"image":{"@id":"https:\/\/mejordiagnosis.com\/tienda\/#\/schema\/logo\/image\/"},"sameAs":["https:\/\/www.facebook.com\/mejordiagnosis\/","https:\/\/www.instagram.com\/mejor.diagnosis\/","https:\/\/www.tiktok.com\/@mejor.diagnosis?lang=es"]}]}},"_links":{"self":[{"href":"https:\/\/mejordiagnosis.com\/tienda\/wp-json\/wp\/v2\/product\/3417","targetHints":{"allow":["GET"]}}],"collection":[{"href":"https:\/\/mejordiagnosis.com\/tienda\/wp-json\/wp\/v2\/product"}],"about":[{"href":"https:\/\/mejordiagnosis.com\/tienda\/wp-json\/wp\/v2\/types\/product"}],"wp:featuredmedia":[{"embeddable":true,"href":"https:\/\/mejordiagnosis.com\/tienda\/wp-json\/wp\/v2\/media\/3418"}],"wp:attachment":[{"href":"https:\/\/mejordiagnosis.com\/tienda\/wp-json\/wp\/v2\/media?parent=3417"}],"wp:term":[{"taxonomy":"product_brand","embeddable":true,"href":"https:\/\/mejordiagnosis.com\/tienda\/wp-json\/wp\/v2\/product_brand?post=3417"},{"taxonomy":"product_cat","embeddable":true,"href":"https:\/\/mejordiagnosis.com\/tienda\/wp-json\/wp\/v2\/product_cat?post=3417"},{"taxonomy":"product_tag","embeddable":true,"href":"https:\/\/mejordiagnosis.com\/tienda\/wp-json\/wp\/v2\/product_tag?post=3417"}],"curies":[{"name":"wp","href":"https:\/\/api.w.org\/{rel}","templated":true}]}}