{"id":3324,"date":"2025-02-05T09:48:30","date_gmt":"2025-02-05T09:48:30","guid":{"rendered":"http:\/\/167.86.125.240:8082\/?post_type=product&#038;p=3324"},"modified":"2026-01-19T11:49:47","modified_gmt":"2026-01-19T11:49:47","slug":"jbm-pistola-de-impacto-brushless-a-bateria-1-2-1000nm-con-maletin","status":"publish","type":"product","link":"https:\/\/mejordiagnosis.com\/tienda\/producto\/jbm-pistola-de-impacto-brushless-a-bateria-1-2-1000nm-con-maletin\/","title":{"rendered":"JBM &#8211; Pistola de Impacto Brushless a Bater\u00eda 1\/2&#8243; 1000nm con malet\u00edn"},"content":{"rendered":"<h5>CARACTER\u00cdSTICAS DE LA PISTOLA DE IMPACTO 60051:<\/h5>\n<p>&#8211; Integra un motor Brushless que permite apretar\/aflojar tuercas y tornillos que requieren de un par elevado<br \/>\n&#8211; Nueva generaci\u00f3n con un dise\u00f1o que la hace m\u00e1s ligera. Cuenta con un LED de trabajo y un mango ergon\u00f3mico para mejor agarre y precisi\u00f3n.<br \/>\n&#8211; Dispone de 5 marchas diferentes: 3 para apretar y 2 para aflojar, lo que permite realizar un ajuste de velocidad.<br \/>\n&#8211; Equipada con un un selector de rotaci\u00f3n que tambi\u00e9n le permite bloquear el gatillo y evitar un arranque accidental de la herramienta.<\/p>\n<p>Malet\u00edn JBM dise\u00f1ado para salvaguardar y transportar tu herramienta el\u00e9ctrica, de manera compacta y potente, junto con sus respectivos componentes, de forma segura y ergon\u00f3mica.<\/p>\n<h5>El malet\u00edn incluye:<\/h5>\n<p>60051C &#8211; PISTOLA DE IMPACTO BRUSHLESS A BATER\u00cdA 1\/2&#8243; 1000NM<br \/>\n60016 &#8211; CARGADOR 20V<br \/>\n60013 &#8211; BATER\u00cdA LI-ION 4.0Ah<\/p>\n<h5>Especificaciones t\u00e9cnicas:<\/h5>\n<p style=\"padding-left: 40px;\"><b>Medida del cuadrado<\/b>\u00a01\/2&#8243;<br \/>\n<b>Voltaje<\/b>\u00a020V<br \/>\n<b>Potencia<\/b>\u00a0850W<br \/>\n<b>Torque m\u00e1ximo de apriete<\/b>\u00a0850Nm<br \/>\n<b>Torque m\u00e1ximo de rotura (desapriete)<\/b>\u00a01000Nm<br \/>\n<b>Velocidad nominal<\/b>\u00a01400, 1900, 2400RPM<br \/>\n<b>Impulsos IPM<\/b>\u00a01800, 2200, 2800<br \/>\n<b>Velocidades<\/b>\u00a03<br \/>\n<b>Incluye<\/b>\u00a060051, 60013, 60016<br \/>\n<b>Compatible con<\/b>\u00a060012, 60013, 60015, 60016, 60017<br \/>\n<b>Peso<\/b>\u00a02,1Kg<br \/>\n<b>Dimensiones (LxAnxAl)<\/b>\u00a097x80x220mm<\/p>\n<p>&nbsp;<\/p>\n","protected":false},"excerpt":{"rendered":"<p>Descubre la pistola de impacto Brushless 60051C con motor potente, 5 marchas ajustables, dise\u00f1o ligero, LED de trabajo y mango ergon\u00f3mico. Incluye malet\u00edn JBM para transporte seguro y compacto.<\/p>\n<p><strong>OFERTA<\/strong> hasta fin de existencias con regalo exclusivo de <a href=\"http:\/\/167.86.125.240:8082\/producto\/jbm-set-de-3-vasos-de-impacto-de-1-2-especial-extraccion-ruedas\/\" target=\"_blank\" rel=\"noopener\"><strong>SET DE 3 VASOS DE IMPACTO DE 1\/2&#8243; ESPECIAL EXTRACCI\u00d3N RUEDAS<\/strong><\/a><\/p>\n","protected":false},"featured_media":3325,"template":"","meta":{"site-sidebar-layout":"default","site-content-layout":"","ast-site-content-layout":"default","site-content-style":"default","site-sidebar-style":"default","ast-global-header-display":"","ast-banner-title-visibility":"","ast-main-header-display":"","ast-hfb-above-header-display":"","ast-hfb-below-header-display":"","ast-hfb-mobile-header-display":"","site-post-title":"","ast-breadcrumbs-content":"","ast-featured-img":"","footer-sml-layout":"","ast-disable-related-posts":"","theme-transparent-header-meta":"default","adv-header-id-meta":"","stick-header-meta":"","header-above-stick-meta":"","header-main-stick-meta":"","header-below-stick-meta":"","astra-migrate-meta-layouts":"set","ast-page-background-enabled":"default","ast-page-background-meta":{"desktop":{"background-color":"var(--ast-global-color-4)","background-image":"","background-repeat":"repeat","background-position":"center center","background-size":"auto","background-attachment":"scroll","background-type":"","background-media":"","overlay-type":"","overlay-color":"","overlay-opacity":"","overlay-gradient":""},"tablet":{"background-color":"","background-image":"","background-repeat":"repeat","background-position":"center center","background-size":"auto","background-attachment":"scroll","background-type":"","background-media":"","overlay-type":"","overlay-color":"","overlay-opacity":"","overlay-gradient":""},"mobile":{"background-color":"","background-image":"","background-repeat":"repeat","background-position":"center center","background-size":"auto","background-attachment":"scroll","background-type":"","background-media":"","overlay-type":"","overlay-color":"","overlay-opacity":"","overlay-gradient":""}},"ast-content-background-meta":{"desktop":{"background-color":"var(--ast-global-color-5)","background-image":"","background-repeat":"repeat","background-position":"center center","background-size":"auto","background-attachment":"scroll","background-type":"","background-media":"","overlay-type":"","overlay-color":"","overlay-opacity":"","overlay-gradient":""},"tablet":{"background-color":"var(--ast-global-color-5)","background-image":"","background-repeat":"repeat","background-position":"center center","background-size":"auto","background-attachment":"scroll","background-type":"","background-media":"","overlay-type":"","overlay-color":"","overlay-opacity":"","overlay-gradient":""},"mobile":{"background-color":"var(--ast-global-color-5)","background-image":"","background-repeat":"repeat","background-position":"center center","background-size":"auto","background-attachment":"scroll","background-type":"","background-media":"","overlay-type":"","overlay-color":"","overlay-opacity":"","overlay-gradient":""}}},"product_brand":[286],"product_cat":[308],"product_tag":[],"class_list":{"0":"post-3324","1":"product","2":"type-product","3":"status-publish","4":"has-post-thumbnail","6":"product_brand-jbm","7":"product_cat-pistolas-electricas-bateria","8":"product_shipping_class-peso-mediano","9":"desktop-align-left","10":"tablet-align-left","11":"mobile-align-left","13":"first","14":"instock","15":"taxable","16":"shipping-taxable","17":"product-type-simple"},"yoast_head":"<!-- This site is optimized with the Yoast SEO plugin v27.4 - https:\/\/yoast.com\/product\/yoast-seo-wordpress\/ -->\n<title>JBM - Pistola de Impacto Brushless a Bater\u00eda 1\/2&quot; 1000nm con malet\u00edn | Mejordiagnosis S.L<\/title>\n<meta name=\"description\" content=\"Descubre la pistola de impacto Brushless 60051 con motor potente, 5 marchas ajustables, dise\u00f1o ligero, LED de trabajo y mango ergon\u00f3mico. Incluye malet\u00edn JBM para transporte seguro y compacto.\" \/>\n<meta name=\"robots\" content=\"noindex, follow\" \/>\n<meta property=\"og:locale\" content=\"es_ES\" \/>\n<meta property=\"og:type\" content=\"article\" \/>\n<meta property=\"og:title\" content=\"JBM - Pistola de Impacto Brushless a Bater\u00eda 1\/2&quot; 1000nm con malet\u00edn | Mejordiagnosis S.L\" \/>\n<meta property=\"og:description\" content=\"Descubre la pistola de impacto Brushless 60051 con motor potente, 5 marchas ajustables, dise\u00f1o ligero, LED de trabajo y mango ergon\u00f3mico. Incluye malet\u00edn JBM para transporte seguro y compacto.\" \/>\n<meta property=\"og:url\" content=\"https:\/\/mejordiagnosis.com\/tienda\/producto\/jbm-pistola-de-impacto-brushless-a-bateria-1-2-1000nm-con-maletin\/\" \/>\n<meta property=\"og:site_name\" content=\"Mejordiagnosis S.L\" \/>\n<meta property=\"article:publisher\" content=\"https:\/\/www.facebook.com\/mejordiagnosis\/\" \/>\n<meta property=\"article:modified_time\" content=\"2026-01-19T11:49:47+00:00\" \/>\n<meta property=\"og:image\" content=\"https:\/\/mejordiagnosis.com\/tienda\/wp-content\/uploads\/2025\/02\/60051C_006.jpg\" \/>\n\t<meta property=\"og:image:width\" content=\"800\" \/>\n\t<meta property=\"og:image:height\" content=\"800\" \/>\n\t<meta property=\"og:image:type\" content=\"image\/jpeg\" \/>\n<script type=\"application\/ld+json\" class=\"yoast-schema-graph\">{\"@context\":\"https:\\\/\\\/schema.org\",\"@graph\":[{\"@type\":\"WebPage\",\"@id\":\"https:\\\/\\\/mejordiagnosis.com\\\/tienda\\\/producto\\\/jbm-pistola-de-impacto-brushless-a-bateria-1-2-1000nm-con-maletin\\\/\",\"url\":\"https:\\\/\\\/mejordiagnosis.com\\\/tienda\\\/producto\\\/jbm-pistola-de-impacto-brushless-a-bateria-1-2-1000nm-con-maletin\\\/\",\"name\":\"JBM - Pistola de Impacto Brushless a Bater\u00eda 1\\\/2\\\" 1000nm con malet\u00edn | Mejordiagnosis S.L\",\"isPartOf\":{\"@id\":\"https:\\\/\\\/mejordiagnosis.com\\\/tienda\\\/#website\"},\"primaryImageOfPage\":{\"@id\":\"https:\\\/\\\/mejordiagnosis.com\\\/tienda\\\/producto\\\/jbm-pistola-de-impacto-brushless-a-bateria-1-2-1000nm-con-maletin\\\/#primaryimage\"},\"image\":{\"@id\":\"https:\\\/\\\/mejordiagnosis.com\\\/tienda\\\/producto\\\/jbm-pistola-de-impacto-brushless-a-bateria-1-2-1000nm-con-maletin\\\/#primaryimage\"},\"thumbnailUrl\":\"https:\\\/\\\/mejordiagnosis.com\\\/tienda\\\/wp-content\\\/uploads\\\/2025\\\/02\\\/60051C_006.jpg\",\"datePublished\":\"2025-02-05T09:48:30+00:00\",\"dateModified\":\"2026-01-19T11:49:47+00:00\",\"description\":\"Descubre la pistola de impacto Brushless 60051 con motor potente, 5 marchas ajustables, dise\u00f1o ligero, LED de trabajo y mango ergon\u00f3mico. Incluye malet\u00edn JBM para transporte seguro y compacto.\",\"breadcrumb\":{\"@id\":\"https:\\\/\\\/mejordiagnosis.com\\\/tienda\\\/producto\\\/jbm-pistola-de-impacto-brushless-a-bateria-1-2-1000nm-con-maletin\\\/#breadcrumb\"},\"inLanguage\":\"es\",\"potentialAction\":[{\"@type\":\"ReadAction\",\"target\":[\"https:\\\/\\\/mejordiagnosis.com\\\/tienda\\\/producto\\\/jbm-pistola-de-impacto-brushless-a-bateria-1-2-1000nm-con-maletin\\\/\"]}]},{\"@type\":\"ImageObject\",\"inLanguage\":\"es\",\"@id\":\"https:\\\/\\\/mejordiagnosis.com\\\/tienda\\\/producto\\\/jbm-pistola-de-impacto-brushless-a-bateria-1-2-1000nm-con-maletin\\\/#primaryimage\",\"url\":\"https:\\\/\\\/mejordiagnosis.com\\\/tienda\\\/wp-content\\\/uploads\\\/2025\\\/02\\\/60051C_006.jpg\",\"contentUrl\":\"https:\\\/\\\/mejordiagnosis.com\\\/tienda\\\/wp-content\\\/uploads\\\/2025\\\/02\\\/60051C_006.jpg\",\"width\":800,\"height\":800},{\"@type\":\"BreadcrumbList\",\"@id\":\"https:\\\/\\\/mejordiagnosis.com\\\/tienda\\\/producto\\\/jbm-pistola-de-impacto-brushless-a-bateria-1-2-1000nm-con-maletin\\\/#breadcrumb\",\"itemListElement\":[{\"@type\":\"ListItem\",\"position\":1,\"name\":\"Portada\",\"item\":\"https:\\\/\\\/mejordiagnosis.com\\\/tienda\\\/\"},{\"@type\":\"ListItem\",\"position\":2,\"name\":\"Tienda\",\"item\":\"https:\\\/\\\/mejordiagnosis.com\\\/tienda\\\/shop\\\/\"},{\"@type\":\"ListItem\",\"position\":3,\"name\":\"JBM &#8211; Pistola de Impacto Brushless a Bater\u00eda 1\\\/2&#8243; 1000nm con malet\u00edn\"}]},{\"@type\":\"WebSite\",\"@id\":\"https:\\\/\\\/mejordiagnosis.com\\\/tienda\\\/#website\",\"url\":\"https:\\\/\\\/mejordiagnosis.com\\\/tienda\\\/\",\"name\":\"Mejordiagnosis.com\",\"description\":\"Equipos de diagnosis para el autom&oacute;vil\",\"publisher\":{\"@id\":\"https:\\\/\\\/mejordiagnosis.com\\\/tienda\\\/#organization\"},\"alternateName\":\"Mejordiagnosisnm S.L\",\"potentialAction\":[{\"@type\":\"SearchAction\",\"target\":{\"@type\":\"EntryPoint\",\"urlTemplate\":\"https:\\\/\\\/mejordiagnosis.com\\\/tienda\\\/?s={search_term_string}\"},\"query-input\":{\"@type\":\"PropertyValueSpecification\",\"valueRequired\":true,\"valueName\":\"search_term_string\"}}],\"inLanguage\":\"es\"},{\"@type\":\"Organization\",\"@id\":\"https:\\\/\\\/mejordiagnosis.com\\\/tienda\\\/#organization\",\"name\":\"Mejordiagnosis S.L\",\"alternateName\":\"Mejor Diagnosis\",\"url\":\"https:\\\/\\\/mejordiagnosis.com\\\/tienda\\\/\",\"logo\":{\"@type\":\"ImageObject\",\"inLanguage\":\"es\",\"@id\":\"https:\\\/\\\/mejordiagnosis.com\\\/tienda\\\/#\\\/schema\\\/logo\\\/image\\\/\",\"url\":\"https:\\\/\\\/mejordiagnosis.com\\\/tienda\\\/wp-content\\\/uploads\\\/2025\\\/03\\\/cropped-cropped-cropped-cropped-logo-removebg-300x257-1.png\",\"contentUrl\":\"https:\\\/\\\/mejordiagnosis.com\\\/tienda\\\/wp-content\\\/uploads\\\/2025\\\/03\\\/cropped-cropped-cropped-cropped-logo-removebg-300x257-1.png\",\"width\":300,\"height\":257,\"caption\":\"Mejordiagnosis S.L\"},\"image\":{\"@id\":\"https:\\\/\\\/mejordiagnosis.com\\\/tienda\\\/#\\\/schema\\\/logo\\\/image\\\/\"},\"sameAs\":[\"https:\\\/\\\/www.facebook.com\\\/mejordiagnosis\\\/\",\"https:\\\/\\\/www.instagram.com\\\/mejor.diagnosis\\\/\",\"https:\\\/\\\/www.tiktok.com\\\/@mejor.diagnosis?lang=es\"]}]}<\/script>\n<!-- \/ Yoast SEO plugin. -->","yoast_head_json":{"title":"JBM - Pistola de Impacto Brushless a Bater\u00eda 1\/2\" 1000nm con malet\u00edn | Mejordiagnosis S.L","description":"Descubre la pistola de impacto Brushless 60051 con motor potente, 5 marchas ajustables, dise\u00f1o ligero, LED de trabajo y mango ergon\u00f3mico. Incluye malet\u00edn JBM para transporte seguro y compacto.","robots":{"index":"noindex","follow":"follow"},"og_locale":"es_ES","og_type":"article","og_title":"JBM - Pistola de Impacto Brushless a Bater\u00eda 1\/2\" 1000nm con malet\u00edn | Mejordiagnosis S.L","og_description":"Descubre la pistola de impacto Brushless 60051 con motor potente, 5 marchas ajustables, dise\u00f1o ligero, LED de trabajo y mango ergon\u00f3mico. Incluye malet\u00edn JBM para transporte seguro y compacto.","og_url":"https:\/\/mejordiagnosis.com\/tienda\/producto\/jbm-pistola-de-impacto-brushless-a-bateria-1-2-1000nm-con-maletin\/","og_site_name":"Mejordiagnosis S.L","article_publisher":"https:\/\/www.facebook.com\/mejordiagnosis\/","article_modified_time":"2026-01-19T11:49:47+00:00","og_image":[{"width":800,"height":800,"url":"https:\/\/mejordiagnosis.com\/tienda\/wp-content\/uploads\/2025\/02\/60051C_006.jpg","type":"image\/jpeg"}],"schema":{"@context":"https:\/\/schema.org","@graph":[{"@type":"WebPage","@id":"https:\/\/mejordiagnosis.com\/tienda\/producto\/jbm-pistola-de-impacto-brushless-a-bateria-1-2-1000nm-con-maletin\/","url":"https:\/\/mejordiagnosis.com\/tienda\/producto\/jbm-pistola-de-impacto-brushless-a-bateria-1-2-1000nm-con-maletin\/","name":"JBM - Pistola de Impacto Brushless a Bater\u00eda 1\/2\" 1000nm con malet\u00edn | Mejordiagnosis S.L","isPartOf":{"@id":"https:\/\/mejordiagnosis.com\/tienda\/#website"},"primaryImageOfPage":{"@id":"https:\/\/mejordiagnosis.com\/tienda\/producto\/jbm-pistola-de-impacto-brushless-a-bateria-1-2-1000nm-con-maletin\/#primaryimage"},"image":{"@id":"https:\/\/mejordiagnosis.com\/tienda\/producto\/jbm-pistola-de-impacto-brushless-a-bateria-1-2-1000nm-con-maletin\/#primaryimage"},"thumbnailUrl":"https:\/\/mejordiagnosis.com\/tienda\/wp-content\/uploads\/2025\/02\/60051C_006.jpg","datePublished":"2025-02-05T09:48:30+00:00","dateModified":"2026-01-19T11:49:47+00:00","description":"Descubre la pistola de impacto Brushless 60051 con motor potente, 5 marchas ajustables, dise\u00f1o ligero, LED de trabajo y mango ergon\u00f3mico. Incluye malet\u00edn JBM para transporte seguro y compacto.","breadcrumb":{"@id":"https:\/\/mejordiagnosis.com\/tienda\/producto\/jbm-pistola-de-impacto-brushless-a-bateria-1-2-1000nm-con-maletin\/#breadcrumb"},"inLanguage":"es","potentialAction":[{"@type":"ReadAction","target":["https:\/\/mejordiagnosis.com\/tienda\/producto\/jbm-pistola-de-impacto-brushless-a-bateria-1-2-1000nm-con-maletin\/"]}]},{"@type":"ImageObject","inLanguage":"es","@id":"https:\/\/mejordiagnosis.com\/tienda\/producto\/jbm-pistola-de-impacto-brushless-a-bateria-1-2-1000nm-con-maletin\/#primaryimage","url":"https:\/\/mejordiagnosis.com\/tienda\/wp-content\/uploads\/2025\/02\/60051C_006.jpg","contentUrl":"https:\/\/mejordiagnosis.com\/tienda\/wp-content\/uploads\/2025\/02\/60051C_006.jpg","width":800,"height":800},{"@type":"BreadcrumbList","@id":"https:\/\/mejordiagnosis.com\/tienda\/producto\/jbm-pistola-de-impacto-brushless-a-bateria-1-2-1000nm-con-maletin\/#breadcrumb","itemListElement":[{"@type":"ListItem","position":1,"name":"Portada","item":"https:\/\/mejordiagnosis.com\/tienda\/"},{"@type":"ListItem","position":2,"name":"Tienda","item":"https:\/\/mejordiagnosis.com\/tienda\/shop\/"},{"@type":"ListItem","position":3,"name":"JBM &#8211; Pistola de Impacto Brushless a Bater\u00eda 1\/2&#8243; 1000nm con malet\u00edn"}]},{"@type":"WebSite","@id":"https:\/\/mejordiagnosis.com\/tienda\/#website","url":"https:\/\/mejordiagnosis.com\/tienda\/","name":"Mejordiagnosis.com","description":"Equipos de diagnosis para el autom&oacute;vil","publisher":{"@id":"https:\/\/mejordiagnosis.com\/tienda\/#organization"},"alternateName":"Mejordiagnosisnm S.L","potentialAction":[{"@type":"SearchAction","target":{"@type":"EntryPoint","urlTemplate":"https:\/\/mejordiagnosis.com\/tienda\/?s={search_term_string}"},"query-input":{"@type":"PropertyValueSpecification","valueRequired":true,"valueName":"search_term_string"}}],"inLanguage":"es"},{"@type":"Organization","@id":"https:\/\/mejordiagnosis.com\/tienda\/#organization","name":"Mejordiagnosis S.L","alternateName":"Mejor Diagnosis","url":"https:\/\/mejordiagnosis.com\/tienda\/","logo":{"@type":"ImageObject","inLanguage":"es","@id":"https:\/\/mejordiagnosis.com\/tienda\/#\/schema\/logo\/image\/","url":"https:\/\/mejordiagnosis.com\/tienda\/wp-content\/uploads\/2025\/03\/cropped-cropped-cropped-cropped-logo-removebg-300x257-1.png","contentUrl":"https:\/\/mejordiagnosis.com\/tienda\/wp-content\/uploads\/2025\/03\/cropped-cropped-cropped-cropped-logo-removebg-300x257-1.png","width":300,"height":257,"caption":"Mejordiagnosis S.L"},"image":{"@id":"https:\/\/mejordiagnosis.com\/tienda\/#\/schema\/logo\/image\/"},"sameAs":["https:\/\/www.facebook.com\/mejordiagnosis\/","https:\/\/www.instagram.com\/mejor.diagnosis\/","https:\/\/www.tiktok.com\/@mejor.diagnosis?lang=es"]}]}},"_links":{"self":[{"href":"https:\/\/mejordiagnosis.com\/tienda\/wp-json\/wp\/v2\/product\/3324","targetHints":{"allow":["GET"]}}],"collection":[{"href":"https:\/\/mejordiagnosis.com\/tienda\/wp-json\/wp\/v2\/product"}],"about":[{"href":"https:\/\/mejordiagnosis.com\/tienda\/wp-json\/wp\/v2\/types\/product"}],"wp:featuredmedia":[{"embeddable":true,"href":"https:\/\/mejordiagnosis.com\/tienda\/wp-json\/wp\/v2\/media\/3325"}],"wp:attachment":[{"href":"https:\/\/mejordiagnosis.com\/tienda\/wp-json\/wp\/v2\/media?parent=3324"}],"wp:term":[{"taxonomy":"product_brand","embeddable":true,"href":"https:\/\/mejordiagnosis.com\/tienda\/wp-json\/wp\/v2\/product_brand?post=3324"},{"taxonomy":"product_cat","embeddable":true,"href":"https:\/\/mejordiagnosis.com\/tienda\/wp-json\/wp\/v2\/product_cat?post=3324"},{"taxonomy":"product_tag","embeddable":true,"href":"https:\/\/mejordiagnosis.com\/tienda\/wp-json\/wp\/v2\/product_tag?post=3324"}],"curies":[{"name":"wp","href":"https:\/\/api.w.org\/{rel}","templated":true}]}}