{"id":3224,"date":"2025-01-28T11:05:37","date_gmt":"2025-01-28T11:05:37","guid":{"rendered":"http:\/\/167.86.125.240:8082\/?post_type=product&#038;p=3224"},"modified":"2026-01-19T11:49:45","modified_gmt":"2026-01-19T11:49:45","slug":"magic-kit-de-herramientas-universal-magbench-v3-jig","status":"publish","type":"product","link":"https:\/\/mejordiagnosis.com\/tienda\/producto\/magic-kit-de-herramientas-universal-magbench-v3-jig\/","title":{"rendered":"Magic Kit de herramientas universal MAGBench V3 Jig"},"content":{"rendered":"<div data-content-type=\"row\" data-appearance=\"full-bleed\" data-enable-parallax=\"0\" data-parallax-speed=\"0.5\" data-background-images=\"{}\" data-background-type=\"image\" data-video-loop=\"true\" data-video-play-only-visible=\"true\" data-video-lazy-load=\"true\" data-video-fallback-src=\"\" data-element=\"main\" data-pb-style=\"EHPNBNQ\">\n<div class=\"pagebuilder-column-group\" data-content-type=\"column-group\" data-grid-size=\"12\" data-element=\"main\">\n<div class=\"pagebuilder-column\" data-content-type=\"column\" data-appearance=\"full-height\" data-background-images=\"{}\" data-element=\"main\" data-pb-style=\"J75DOGC\">\n<div data-content-type=\"text\" data-appearance=\"default\" data-element=\"main\">\n<h3 id=\"OV6NVEK\"><strong>MAGBench: conexiones estables y precisas<\/strong><\/h3>\n<p>Conecte ECU y TCU de manera estable y precisa en los modos Boot, BDM y Jtag. MAGBench es la herramienta de plantilla Magicmotorsport dise\u00f1ada para realizar conexiones seguras a las unidades electr\u00f3nicas de los veh\u00edculos. Gracias a su panel superior patentado y 56 orificios de posicionamiento, tambi\u00e9n puede conectarse a las unidades de control de veh\u00edculos pesados. Una herramienta indispensable para tu taller de mecatr\u00f3nica.<\/p>\n<p>La base en la que colocar la unidad electr\u00f3nica est\u00e1 iluminada por LED, para que puedas trabajar con mayor precisi\u00f3n y seguridad. El panel superior est\u00e1 equipado con un mecanismo de elevaci\u00f3n anal\u00f3gico. Las ocho sondas est\u00e1n coloreadas y codificadas como los cables de referencia para facilitar la conexi\u00f3n a las ECU en el modo Bootloader.<\/p>\n<\/div>\n<\/div>\n<\/div>\n<\/div>\n<div data-content-type=\"row\" data-appearance=\"full-bleed\" data-enable-parallax=\"0\" data-parallax-speed=\"0.5\" data-background-images=\"{}\" data-background-type=\"image\" data-video-loop=\"true\" data-video-play-only-visible=\"true\" data-video-lazy-load=\"true\" data-video-fallback-src=\"\" data-element=\"main\" data-pb-style=\"HNLPV9N\">\n<div class=\"pagebuilder-column-group\" data-content-type=\"column-group\" data-grid-size=\"12\" data-element=\"main\">\n<div class=\"pagebuilder-column\" data-content-type=\"column\" data-appearance=\"full-height\" data-background-images=\"{}\" data-element=\"main\" data-pb-style=\"CVAH5YV\">\n<div data-content-type=\"text\" data-appearance=\"default\" data-element=\"main\">\n<h3 id=\"OV6NVEK\"><strong>Personaliza tu MAGBench<\/strong><\/h3>\n<p>MAGBench se puede personalizar seg\u00fan tus necesidades. De hecho, hay disponible una variedad de accesorios que facilitan el trabajo y permiten programar eficientemente todo tipo de unidades de control. Si necesitas conectarte en BDM y JTAG tambi\u00e9n podr\u00e1s encontrar todo lo necesario para sacar el m\u00e1ximo partido a MAGBench y ofrecer m\u00e1s servicios a tus clientes.<\/p>\n<p>Estos son los accesorios disponibles:<\/p>\n<ul>\n<li>Brazo articulado MAGBench para adaptadores<\/li>\n<li>Adaptador MAGBench BDM Bosch<\/li>\n<li>Adaptador MAGBench BDM Siemens<\/li>\n<li>MAGBench: adaptador BDM Marelli<\/li>\n<li>MAGBench: adaptador BDM Delphi<\/li>\n<li>MAGBench: Adaptador JTAG TOYOTA Renesas \/ NEC<\/li>\n<li>Kit adaptador MAGBench BDM<\/li>\n<li>MAGBench Ajustable pogo pin prob<\/li>\n<\/ul>\n<h3>Video FLEXible Bench<\/h3>\n<p><iframe title=\"YouTube video player\" src=\"https:\/\/www.youtube-nocookie.com\/embed\/I-tmUe1Uxo8?si=DIB2eBVNOZgPMy8_\" width=\"560\" height=\"315\" frameborder=\"0\" allowfullscreen=\"allowfullscreen\"><\/iframe><\/p>\n<p>Es posible realizar intervenciones precisas con el FLEXible Bench gracias a su amplio panel con 56 ranuras de posicionamiento que permiten realizar conexiones a las ECUs incluso de veh\u00edculos pesados. Adem\u00e1s, la base est\u00e1 iluminada y el panel superior es abatible para ofrecerle la m\u00e1xima visibilidad. Las ocho sondas pogo pen est\u00e1n codificadas por colores para que las conexiones a las ECU sean m\u00e1s f\u00e1ciles y seguras.<\/p>\n<\/div>\n<\/div>\n<\/div>\n<\/div>\n","protected":false},"excerpt":{"rendered":"<div class=\"product-info-stock-sku\">\n<div class=\"product attribute sku\">\n<p>MAGBench es el marco BDM universal o la herramienta Jig producida por Magicmotorsport. Le permite realizar conexiones estables con unidades de control de motor y unidades de transmisi\u00f3n autom\u00e1tica en los modos Boot, JTAG y BDM.<\/p>\n<p><strong>Caracter\u00edsticas principales:<\/strong><br \/>\n&#8211; 56 orificios de posicionamiento<br \/>\n&#8211; conexiones precisas<br \/>\n&#8211; base con luz led<br \/>\n&#8211; panel superior patentado<\/p>\n<\/div>\n<\/div>\n<p>SKU: FLK08<\/p>\n<h6>NOTA: contacte con nosotros para adquirir este producto.<\/h6>\n","protected":false},"featured_media":3225,"template":"","meta":{"site-sidebar-layout":"default","site-content-layout":"","ast-site-content-layout":"default","site-content-style":"default","site-sidebar-style":"default","ast-global-header-display":"","ast-banner-title-visibility":"","ast-main-header-display":"","ast-hfb-above-header-display":"","ast-hfb-below-header-display":"","ast-hfb-mobile-header-display":"","site-post-title":"","ast-breadcrumbs-content":"","ast-featured-img":"","footer-sml-layout":"","ast-disable-related-posts":"","theme-transparent-header-meta":"default","adv-header-id-meta":"","stick-header-meta":"","header-above-stick-meta":"","header-main-stick-meta":"","header-below-stick-meta":"","astra-migrate-meta-layouts":"set","ast-page-background-enabled":"default","ast-page-background-meta":{"desktop":{"background-color":"var(--ast-global-color-4)","background-image":"","background-repeat":"repeat","background-position":"center center","background-size":"auto","background-attachment":"scroll","background-type":"","background-media":"","overlay-type":"","overlay-color":"","overlay-opacity":"","overlay-gradient":""},"tablet":{"background-color":"","background-image":"","background-repeat":"repeat","background-position":"center center","background-size":"auto","background-attachment":"scroll","background-type":"","background-media":"","overlay-type":"","overlay-color":"","overlay-opacity":"","overlay-gradient":""},"mobile":{"background-color":"","background-image":"","background-repeat":"repeat","background-position":"center center","background-size":"auto","background-attachment":"scroll","background-type":"","background-media":"","overlay-type":"","overlay-color":"","overlay-opacity":"","overlay-gradient":""}},"ast-content-background-meta":{"desktop":{"background-color":"var(--ast-global-color-5)","background-image":"","background-repeat":"repeat","background-position":"center center","background-size":"auto","background-attachment":"scroll","background-type":"","background-media":"","overlay-type":"","overlay-color":"","overlay-opacity":"","overlay-gradient":""},"tablet":{"background-color":"var(--ast-global-color-5)","background-image":"","background-repeat":"repeat","background-position":"center center","background-size":"auto","background-attachment":"scroll","background-type":"","background-media":"","overlay-type":"","overlay-color":"","overlay-opacity":"","overlay-gradient":""},"mobile":{"background-color":"var(--ast-global-color-5)","background-image":"","background-repeat":"repeat","background-position":"center center","background-size":"auto","background-attachment":"scroll","background-type":"","background-media":"","overlay-type":"","overlay-color":"","overlay-opacity":"","overlay-gradient":""}}},"product_brand":[282,279],"product_cat":[280],"product_tag":[283,120,284,134,104,115,121],"class_list":{"0":"post-3224","1":"product","2":"type-product","3":"status-publish","4":"has-post-thumbnail","6":"product_brand-flex","7":"product_brand-magic-motorsport","8":"product_cat-magic-motorsport","9":"product_tag-chiptuning","10":"product_tag-diagnosis","11":"product_tag-ecu","12":"product_tag-mcu","13":"product_tag-multimarca","14":"product_tag-reset","15":"product_tag-tiempo-real","16":"product_shipping_class-peso-mediano","17":"desktop-align-left","18":"tablet-align-left","19":"mobile-align-left","21":"first","22":"instock","23":"taxable","24":"shipping-taxable","25":"product-type-simple"},"yoast_head":"<!-- This site is optimized with the Yoast SEO plugin v27.4 - https:\/\/yoast.com\/product\/yoast-seo-wordpress\/ -->\n<title>Magic Kit de herramientas universal MAGBench V3 Jig | Mejordiagnosis S.L<\/title>\n<meta name=\"description\" content=\"MAGBench es el banco universal BDM o herramienta para montaje (Jig) producida por Magicmotorsport. Permite realizar conexiones estables con unidades de control de motor y unidades de transmisi\u00f3n autom\u00e1tica en los modos Boot, JTAG y BDM\" \/>\n<meta name=\"robots\" content=\"noindex, follow\" \/>\n<meta property=\"og:locale\" content=\"es_ES\" \/>\n<meta property=\"og:type\" content=\"article\" \/>\n<meta property=\"og:title\" content=\"Magic Kit de herramientas universal MAGBench V3 Jig | Mejordiagnosis S.L\" \/>\n<meta property=\"og:description\" content=\"MAGBench es el banco universal BDM o herramienta para montaje (Jig) producida por Magicmotorsport. Permite realizar conexiones estables con unidades de control de motor y unidades de transmisi\u00f3n autom\u00e1tica en los modos Boot, JTAG y BDM\" \/>\n<meta property=\"og:url\" content=\"https:\/\/mejordiagnosis.com\/tienda\/producto\/magic-kit-de-herramientas-universal-magbench-v3-jig\/\" \/>\n<meta property=\"og:site_name\" content=\"Mejordiagnosis S.L\" \/>\n<meta property=\"article:publisher\" content=\"https:\/\/www.facebook.com\/mejordiagnosis\/\" \/>\n<meta property=\"article:modified_time\" content=\"2026-01-19T11:49:45+00:00\" \/>\n<meta property=\"og:image\" content=\"https:\/\/mejordiagnosis.com\/tienda\/wp-content\/uploads\/2025\/01\/FLK08-1_1.jpg\" \/>\n\t<meta property=\"og:image:width\" content=\"600\" \/>\n\t<meta property=\"og:image:height\" content=\"600\" \/>\n\t<meta property=\"og:image:type\" content=\"image\/jpeg\" \/>\n<script type=\"application\/ld+json\" class=\"yoast-schema-graph\">{\"@context\":\"https:\\\/\\\/schema.org\",\"@graph\":[{\"@type\":\"WebPage\",\"@id\":\"https:\\\/\\\/mejordiagnosis.com\\\/tienda\\\/producto\\\/magic-kit-de-herramientas-universal-magbench-v3-jig\\\/\",\"url\":\"https:\\\/\\\/mejordiagnosis.com\\\/tienda\\\/producto\\\/magic-kit-de-herramientas-universal-magbench-v3-jig\\\/\",\"name\":\"Magic Kit de herramientas universal MAGBench V3 Jig | Mejordiagnosis S.L\",\"isPartOf\":{\"@id\":\"https:\\\/\\\/mejordiagnosis.com\\\/tienda\\\/#website\"},\"primaryImageOfPage\":{\"@id\":\"https:\\\/\\\/mejordiagnosis.com\\\/tienda\\\/producto\\\/magic-kit-de-herramientas-universal-magbench-v3-jig\\\/#primaryimage\"},\"image\":{\"@id\":\"https:\\\/\\\/mejordiagnosis.com\\\/tienda\\\/producto\\\/magic-kit-de-herramientas-universal-magbench-v3-jig\\\/#primaryimage\"},\"thumbnailUrl\":\"https:\\\/\\\/mejordiagnosis.com\\\/tienda\\\/wp-content\\\/uploads\\\/2025\\\/01\\\/FLK08-1_1.jpg\",\"datePublished\":\"2025-01-28T11:05:37+00:00\",\"dateModified\":\"2026-01-19T11:49:45+00:00\",\"description\":\"MAGBench es el banco universal BDM o herramienta para montaje (Jig) producida por Magicmotorsport. Permite realizar conexiones estables con unidades de control de motor y unidades de transmisi\u00f3n autom\u00e1tica en los modos Boot, JTAG y BDM\",\"breadcrumb\":{\"@id\":\"https:\\\/\\\/mejordiagnosis.com\\\/tienda\\\/producto\\\/magic-kit-de-herramientas-universal-magbench-v3-jig\\\/#breadcrumb\"},\"inLanguage\":\"es\",\"potentialAction\":[{\"@type\":\"ReadAction\",\"target\":[\"https:\\\/\\\/mejordiagnosis.com\\\/tienda\\\/producto\\\/magic-kit-de-herramientas-universal-magbench-v3-jig\\\/\"]}]},{\"@type\":\"ImageObject\",\"inLanguage\":\"es\",\"@id\":\"https:\\\/\\\/mejordiagnosis.com\\\/tienda\\\/producto\\\/magic-kit-de-herramientas-universal-magbench-v3-jig\\\/#primaryimage\",\"url\":\"https:\\\/\\\/mejordiagnosis.com\\\/tienda\\\/wp-content\\\/uploads\\\/2025\\\/01\\\/FLK08-1_1.jpg\",\"contentUrl\":\"https:\\\/\\\/mejordiagnosis.com\\\/tienda\\\/wp-content\\\/uploads\\\/2025\\\/01\\\/FLK08-1_1.jpg\",\"width\":600,\"height\":600},{\"@type\":\"BreadcrumbList\",\"@id\":\"https:\\\/\\\/mejordiagnosis.com\\\/tienda\\\/producto\\\/magic-kit-de-herramientas-universal-magbench-v3-jig\\\/#breadcrumb\",\"itemListElement\":[{\"@type\":\"ListItem\",\"position\":1,\"name\":\"Portada\",\"item\":\"https:\\\/\\\/mejordiagnosis.com\\\/tienda\\\/\"},{\"@type\":\"ListItem\",\"position\":2,\"name\":\"Tienda\",\"item\":\"https:\\\/\\\/mejordiagnosis.com\\\/tienda\\\/shop\\\/\"},{\"@type\":\"ListItem\",\"position\":3,\"name\":\"Magic Kit de herramientas universal MAGBench V3 Jig\"}]},{\"@type\":\"WebSite\",\"@id\":\"https:\\\/\\\/mejordiagnosis.com\\\/tienda\\\/#website\",\"url\":\"https:\\\/\\\/mejordiagnosis.com\\\/tienda\\\/\",\"name\":\"Mejordiagnosis.com\",\"description\":\"Equipos de diagnosis para el autom&oacute;vil\",\"publisher\":{\"@id\":\"https:\\\/\\\/mejordiagnosis.com\\\/tienda\\\/#organization\"},\"alternateName\":\"Mejordiagnosisnm S.L\",\"potentialAction\":[{\"@type\":\"SearchAction\",\"target\":{\"@type\":\"EntryPoint\",\"urlTemplate\":\"https:\\\/\\\/mejordiagnosis.com\\\/tienda\\\/?s={search_term_string}\"},\"query-input\":{\"@type\":\"PropertyValueSpecification\",\"valueRequired\":true,\"valueName\":\"search_term_string\"}}],\"inLanguage\":\"es\"},{\"@type\":\"Organization\",\"@id\":\"https:\\\/\\\/mejordiagnosis.com\\\/tienda\\\/#organization\",\"name\":\"Mejordiagnosis S.L\",\"alternateName\":\"Mejor Diagnosis\",\"url\":\"https:\\\/\\\/mejordiagnosis.com\\\/tienda\\\/\",\"logo\":{\"@type\":\"ImageObject\",\"inLanguage\":\"es\",\"@id\":\"https:\\\/\\\/mejordiagnosis.com\\\/tienda\\\/#\\\/schema\\\/logo\\\/image\\\/\",\"url\":\"https:\\\/\\\/mejordiagnosis.com\\\/tienda\\\/wp-content\\\/uploads\\\/2025\\\/03\\\/cropped-cropped-cropped-cropped-logo-removebg-300x257-1.png\",\"contentUrl\":\"https:\\\/\\\/mejordiagnosis.com\\\/tienda\\\/wp-content\\\/uploads\\\/2025\\\/03\\\/cropped-cropped-cropped-cropped-logo-removebg-300x257-1.png\",\"width\":300,\"height\":257,\"caption\":\"Mejordiagnosis S.L\"},\"image\":{\"@id\":\"https:\\\/\\\/mejordiagnosis.com\\\/tienda\\\/#\\\/schema\\\/logo\\\/image\\\/\"},\"sameAs\":[\"https:\\\/\\\/www.facebook.com\\\/mejordiagnosis\\\/\",\"https:\\\/\\\/www.instagram.com\\\/mejor.diagnosis\\\/\",\"https:\\\/\\\/www.tiktok.com\\\/@mejor.diagnosis?lang=es\"]}]}<\/script>\n<!-- \/ Yoast SEO plugin. -->","yoast_head_json":{"title":"Magic Kit de herramientas universal MAGBench V3 Jig | Mejordiagnosis S.L","description":"MAGBench es el banco universal BDM o herramienta para montaje (Jig) producida por Magicmotorsport. Permite realizar conexiones estables con unidades de control de motor y unidades de transmisi\u00f3n autom\u00e1tica en los modos Boot, JTAG y BDM","robots":{"index":"noindex","follow":"follow"},"og_locale":"es_ES","og_type":"article","og_title":"Magic Kit de herramientas universal MAGBench V3 Jig | Mejordiagnosis S.L","og_description":"MAGBench es el banco universal BDM o herramienta para montaje (Jig) producida por Magicmotorsport. Permite realizar conexiones estables con unidades de control de motor y unidades de transmisi\u00f3n autom\u00e1tica en los modos Boot, JTAG y BDM","og_url":"https:\/\/mejordiagnosis.com\/tienda\/producto\/magic-kit-de-herramientas-universal-magbench-v3-jig\/","og_site_name":"Mejordiagnosis S.L","article_publisher":"https:\/\/www.facebook.com\/mejordiagnosis\/","article_modified_time":"2026-01-19T11:49:45+00:00","og_image":[{"width":600,"height":600,"url":"https:\/\/mejordiagnosis.com\/tienda\/wp-content\/uploads\/2025\/01\/FLK08-1_1.jpg","type":"image\/jpeg"}],"schema":{"@context":"https:\/\/schema.org","@graph":[{"@type":"WebPage","@id":"https:\/\/mejordiagnosis.com\/tienda\/producto\/magic-kit-de-herramientas-universal-magbench-v3-jig\/","url":"https:\/\/mejordiagnosis.com\/tienda\/producto\/magic-kit-de-herramientas-universal-magbench-v3-jig\/","name":"Magic Kit de herramientas universal MAGBench V3 Jig | Mejordiagnosis S.L","isPartOf":{"@id":"https:\/\/mejordiagnosis.com\/tienda\/#website"},"primaryImageOfPage":{"@id":"https:\/\/mejordiagnosis.com\/tienda\/producto\/magic-kit-de-herramientas-universal-magbench-v3-jig\/#primaryimage"},"image":{"@id":"https:\/\/mejordiagnosis.com\/tienda\/producto\/magic-kit-de-herramientas-universal-magbench-v3-jig\/#primaryimage"},"thumbnailUrl":"https:\/\/mejordiagnosis.com\/tienda\/wp-content\/uploads\/2025\/01\/FLK08-1_1.jpg","datePublished":"2025-01-28T11:05:37+00:00","dateModified":"2026-01-19T11:49:45+00:00","description":"MAGBench es el banco universal BDM o herramienta para montaje (Jig) producida por Magicmotorsport. Permite realizar conexiones estables con unidades de control de motor y unidades de transmisi\u00f3n autom\u00e1tica en los modos Boot, JTAG y BDM","breadcrumb":{"@id":"https:\/\/mejordiagnosis.com\/tienda\/producto\/magic-kit-de-herramientas-universal-magbench-v3-jig\/#breadcrumb"},"inLanguage":"es","potentialAction":[{"@type":"ReadAction","target":["https:\/\/mejordiagnosis.com\/tienda\/producto\/magic-kit-de-herramientas-universal-magbench-v3-jig\/"]}]},{"@type":"ImageObject","inLanguage":"es","@id":"https:\/\/mejordiagnosis.com\/tienda\/producto\/magic-kit-de-herramientas-universal-magbench-v3-jig\/#primaryimage","url":"https:\/\/mejordiagnosis.com\/tienda\/wp-content\/uploads\/2025\/01\/FLK08-1_1.jpg","contentUrl":"https:\/\/mejordiagnosis.com\/tienda\/wp-content\/uploads\/2025\/01\/FLK08-1_1.jpg","width":600,"height":600},{"@type":"BreadcrumbList","@id":"https:\/\/mejordiagnosis.com\/tienda\/producto\/magic-kit-de-herramientas-universal-magbench-v3-jig\/#breadcrumb","itemListElement":[{"@type":"ListItem","position":1,"name":"Portada","item":"https:\/\/mejordiagnosis.com\/tienda\/"},{"@type":"ListItem","position":2,"name":"Tienda","item":"https:\/\/mejordiagnosis.com\/tienda\/shop\/"},{"@type":"ListItem","position":3,"name":"Magic Kit de herramientas universal MAGBench V3 Jig"}]},{"@type":"WebSite","@id":"https:\/\/mejordiagnosis.com\/tienda\/#website","url":"https:\/\/mejordiagnosis.com\/tienda\/","name":"Mejordiagnosis.com","description":"Equipos de diagnosis para el autom&oacute;vil","publisher":{"@id":"https:\/\/mejordiagnosis.com\/tienda\/#organization"},"alternateName":"Mejordiagnosisnm S.L","potentialAction":[{"@type":"SearchAction","target":{"@type":"EntryPoint","urlTemplate":"https:\/\/mejordiagnosis.com\/tienda\/?s={search_term_string}"},"query-input":{"@type":"PropertyValueSpecification","valueRequired":true,"valueName":"search_term_string"}}],"inLanguage":"es"},{"@type":"Organization","@id":"https:\/\/mejordiagnosis.com\/tienda\/#organization","name":"Mejordiagnosis S.L","alternateName":"Mejor Diagnosis","url":"https:\/\/mejordiagnosis.com\/tienda\/","logo":{"@type":"ImageObject","inLanguage":"es","@id":"https:\/\/mejordiagnosis.com\/tienda\/#\/schema\/logo\/image\/","url":"https:\/\/mejordiagnosis.com\/tienda\/wp-content\/uploads\/2025\/03\/cropped-cropped-cropped-cropped-logo-removebg-300x257-1.png","contentUrl":"https:\/\/mejordiagnosis.com\/tienda\/wp-content\/uploads\/2025\/03\/cropped-cropped-cropped-cropped-logo-removebg-300x257-1.png","width":300,"height":257,"caption":"Mejordiagnosis S.L"},"image":{"@id":"https:\/\/mejordiagnosis.com\/tienda\/#\/schema\/logo\/image\/"},"sameAs":["https:\/\/www.facebook.com\/mejordiagnosis\/","https:\/\/www.instagram.com\/mejor.diagnosis\/","https:\/\/www.tiktok.com\/@mejor.diagnosis?lang=es"]}]}},"_links":{"self":[{"href":"https:\/\/mejordiagnosis.com\/tienda\/wp-json\/wp\/v2\/product\/3224","targetHints":{"allow":["GET"]}}],"collection":[{"href":"https:\/\/mejordiagnosis.com\/tienda\/wp-json\/wp\/v2\/product"}],"about":[{"href":"https:\/\/mejordiagnosis.com\/tienda\/wp-json\/wp\/v2\/types\/product"}],"wp:featuredmedia":[{"embeddable":true,"href":"https:\/\/mejordiagnosis.com\/tienda\/wp-json\/wp\/v2\/media\/3225"}],"wp:attachment":[{"href":"https:\/\/mejordiagnosis.com\/tienda\/wp-json\/wp\/v2\/media?parent=3224"}],"wp:term":[{"taxonomy":"product_brand","embeddable":true,"href":"https:\/\/mejordiagnosis.com\/tienda\/wp-json\/wp\/v2\/product_brand?post=3224"},{"taxonomy":"product_cat","embeddable":true,"href":"https:\/\/mejordiagnosis.com\/tienda\/wp-json\/wp\/v2\/product_cat?post=3224"},{"taxonomy":"product_tag","embeddable":true,"href":"https:\/\/mejordiagnosis.com\/tienda\/wp-json\/wp\/v2\/product_tag?post=3224"}],"curies":[{"name":"wp","href":"https:\/\/api.w.org\/{rel}","templated":true}]}}