{"id":3198,"date":"2025-01-27T11:37:58","date_gmt":"2025-01-27T11:37:58","guid":{"rendered":"http:\/\/167.86.125.240:8082\/?post_type=product&#038;p=3198"},"modified":"2026-01-19T11:49:45","modified_gmt":"2026-01-19T11:49:45","slug":"flex-programador-para-ecu-y-tcu","status":"publish","type":"product","link":"https:\/\/mejordiagnosis.com\/tienda\/producto\/flex-programador-para-ecu-y-tcu\/","title":{"rendered":"Magic Flex Programador para ECU y TCU"},"content":{"rendered":"<h3 id=\"XECB9WJ\"><strong>FACILITA TU RUTINA DIARIA DE TRABAJO<\/strong><\/h3>\n<p>Flex es la herramienta que te permite reasignar, actualizar y reparar\u00a0<strong>ECU y TCU<\/strong>. Usando solo una PC y una conexi\u00f3n a Internet estable, podr\u00e1 vincular las ECU de autom\u00f3viles, bicicletas y camiones.<\/p>\n<p>Con Flex tienes todo lo que necesitas para empezar a trabajar en el mundo del chiptuning y potenciar tu negocio con un mont\u00f3n de servicios y soluciones en tu <strong>taller de mecatr\u00f3nica<\/strong>.<\/p>\n<p>El programador admite todos los modos de conexi\u00f3n disponibles.<\/p>\n<p>Puede conectarse f\u00e1cilmente a la mayor\u00eda de las ECU del autom\u00f3vil a trav\u00e9s del puerto OBD del veh\u00edculo. Mientras que, para trabajos m\u00e1s avanzados, tambi\u00e9n son posibles los modos BDM, Bootloader y JTAG.<\/p>\n<p><img fetchpriority=\"high\" decoding=\"async\" class=\"aligncenter size-full wp-image-3212\" src=\"http:\/\/167.86.125.240:8082\/wp-content\/uploads\/2025\/01\/flex-chiptuning-tool_1.jpg\" alt=\"\" width=\"500\" height=\"500\" srcset=\"https:\/\/mejordiagnosis.com\/tienda\/wp-content\/uploads\/2025\/01\/flex-chiptuning-tool_1.jpg 500w, https:\/\/mejordiagnosis.com\/tienda\/wp-content\/uploads\/2025\/01\/flex-chiptuning-tool_1-300x300.jpg 300w, https:\/\/mejordiagnosis.com\/tienda\/wp-content\/uploads\/2025\/01\/flex-chiptuning-tool_1-150x150.jpg 150w, https:\/\/mejordiagnosis.com\/tienda\/wp-content\/uploads\/2025\/01\/flex-chiptuning-tool_1-100x100.jpg 100w\" sizes=\"(max-width: 500px) 100vw, 500px\" \/><\/p>\n<h3 id=\"XECB9WJ\"><strong>EVOLUCI\u00d3N SIN FIN<\/strong><\/h3>\n<p>Con m\u00e1s de\u00a0<strong>25.000 veh\u00edculos admitidos<\/strong>, Flex es la soluci\u00f3n perfecta para cada taller.<\/p>\n<p>Adem\u00e1s, esta cantidad de protocolos admitidos aumenta constantemente gracias a la investigaci\u00f3n de nuestro equipo, por lo que la herramienta siempre est\u00e1 actualizada y en movimiento con los tiempos.<\/p>\n<p>Trabajar con flex es muy simple: simplemente elija la marca y el modelo o digite el c\u00f3digo de la ECU, luego el software le devolver\u00e1 todos los modos disponibles.<\/p>\n<p>Seleccione la modalidad preferida e instant\u00e1neamente estar\u00e1 listo para iniciar su mod necesario.<\/p>\n<p><img decoding=\"async\" class=\"aligncenter size-full wp-image-3213\" src=\"http:\/\/167.86.125.240:8082\/wp-content\/uploads\/2025\/01\/flex-supported-vehicles.jpg\" alt=\"\" width=\"500\" height=\"500\" srcset=\"https:\/\/mejordiagnosis.com\/tienda\/wp-content\/uploads\/2025\/01\/flex-supported-vehicles.jpg 500w, https:\/\/mejordiagnosis.com\/tienda\/wp-content\/uploads\/2025\/01\/flex-supported-vehicles-300x300.jpg 300w, https:\/\/mejordiagnosis.com\/tienda\/wp-content\/uploads\/2025\/01\/flex-supported-vehicles-150x150.jpg 150w, https:\/\/mejordiagnosis.com\/tienda\/wp-content\/uploads\/2025\/01\/flex-supported-vehicles-100x100.jpg 100w\" sizes=\"(max-width: 500px) 100vw, 500px\" \/><\/p>\n<h3 id=\"FVW1H7A\"><strong>PAQUETE DE SOFTWARE DISE\u00d1ADO A TUS NECESIDADES<\/strong><\/h3>\n<p>El kit de hardware est\u00e1 compuesto por la unidad principal <strong>Flex, el m\u00f3dulo adicional Flexbox<\/strong>\u00a0y el cable de conexi\u00f3n principal.<\/p>\n<p>Elige el paquete de software que mejor se adapte a tus necesidades: ECU, TCU o Full para sacar el m\u00e1ximo rendimiento a tu programador y ofrecer los mejores servicios a tus clientes.<\/p>\n<p>Adem\u00e1s, si eliges el modo Maestro, tambi\u00e9n obtienes\u00a0<strong>StageX Basic,<\/strong>\u00a0un complemento perfecto para comenzar a modificar archivos.<\/p>\n<p>Al comprar Flex con un paquete de software correspondiente, tambi\u00e9n se incluye una suscripci\u00f3n de un a\u00f1o para recibir peri\u00f3dicamente actualizaciones de software con nuevas soluciones para ECU y TCU.<\/p>\n<p>Puedes decidir de a\u00f1o en a\u00f1o si deseas renovar tu suscripci\u00f3n. De todos modos, Flex siempre seguir\u00e1 funcionando con las actualizaciones que ya has recibido.<\/p>\n<p><img decoding=\"async\" class=\"aligncenter size-full wp-image-3214\" src=\"http:\/\/167.86.125.240:8082\/wp-content\/uploads\/2025\/01\/flex-software.jpg\" alt=\"\" width=\"500\" height=\"500\" srcset=\"https:\/\/mejordiagnosis.com\/tienda\/wp-content\/uploads\/2025\/01\/flex-software.jpg 500w, https:\/\/mejordiagnosis.com\/tienda\/wp-content\/uploads\/2025\/01\/flex-software-300x300.jpg 300w, https:\/\/mejordiagnosis.com\/tienda\/wp-content\/uploads\/2025\/01\/flex-software-150x150.jpg 150w, https:\/\/mejordiagnosis.com\/tienda\/wp-content\/uploads\/2025\/01\/flex-software-100x100.jpg 100w\" sizes=\"(max-width: 500px) 100vw, 500px\" \/><\/p>\n<h3 id=\"JN9MI3Y\"><strong>PERSONALIZABLE<\/strong><\/h3>\n<p>Y no es todo: acceda al\u00a0<strong>Flex Configurator<\/strong>\u00a0y crea la cubierta personalizada para tu herramienta de chiptuning.<\/p>\n<p>No m\u00e1s de unos pocos clics, elige el color entre mate, plateado y transparente, luego cargue su logotipo.<\/p>\n<p>A partir de hoy no solo podr\u00e1s hacer tuning de forma r\u00e1pida y sencilla, sino tambi\u00e9n promocionar tu marca en una de las herramientas profesionales m\u00e1s completas del mercado.<\/p>\n<p><img loading=\"lazy\" decoding=\"async\" class=\"aligncenter size-full wp-image-3215\" src=\"http:\/\/167.86.125.240:8082\/wp-content\/uploads\/2025\/01\/flex-configurator.jpg\" alt=\"\" width=\"500\" height=\"500\" srcset=\"https:\/\/mejordiagnosis.com\/tienda\/wp-content\/uploads\/2025\/01\/flex-configurator.jpg 500w, https:\/\/mejordiagnosis.com\/tienda\/wp-content\/uploads\/2025\/01\/flex-configurator-300x300.jpg 300w, https:\/\/mejordiagnosis.com\/tienda\/wp-content\/uploads\/2025\/01\/flex-configurator-150x150.jpg 150w, https:\/\/mejordiagnosis.com\/tienda\/wp-content\/uploads\/2025\/01\/flex-configurator-100x100.jpg 100w\" sizes=\"(max-width: 500px) 100vw, 500px\" \/><\/p>\n<h3><strong>MAGIC LOCK\u00a0<\/strong><\/h3>\n<p>Protege tu trabajo. Gracias a Magic LOCK,\u00a0<strong>\u00fanico en el mercado<\/strong>, puedes denegar el acceso a los archivos almacenados en las ECU a cualquier persona que no est\u00e9 autorizada.<\/p>\n<p>Solo el propietario de la contrase\u00f1a dedicada realizar\u00e1 una copia de seguridad del archivo mediante Flex.<\/p>\n<p>Sus servicios y sus soluciones est\u00e1n bloqueados.<\/p>\n<p><img loading=\"lazy\" decoding=\"async\" class=\"aligncenter size-full wp-image-3216\" src=\"http:\/\/167.86.125.240:8082\/wp-content\/uploads\/2025\/01\/flex-magic-lock.jpg\" alt=\"\" width=\"500\" height=\"500\" srcset=\"https:\/\/mejordiagnosis.com\/tienda\/wp-content\/uploads\/2025\/01\/flex-magic-lock.jpg 500w, https:\/\/mejordiagnosis.com\/tienda\/wp-content\/uploads\/2025\/01\/flex-magic-lock-300x300.jpg 300w, https:\/\/mejordiagnosis.com\/tienda\/wp-content\/uploads\/2025\/01\/flex-magic-lock-150x150.jpg 150w, https:\/\/mejordiagnosis.com\/tienda\/wp-content\/uploads\/2025\/01\/flex-magic-lock-100x100.jpg 100w\" sizes=\"(max-width: 500px) 100vw, 500px\" \/><\/p>\n<h3 id=\"MU135EN\"><strong>DATA LOGGER<\/strong><\/h3>\n<p>El Data Logger ahora tambi\u00e9n est\u00e1 disponible en el software Flex, esta funci\u00f3n le permite recolectar hasta\u00a0<strong>60,000 par\u00e1metros en tiempo real<\/strong>\u00a0de la ECU y as\u00ed conocer el estado del veh\u00edculo.<\/p>\n<p>La interfaz f\u00e1cil de usar le permiti\u00f3 decidir f\u00e1cilmente qu\u00e9 valores registrar, como presi\u00f3n, par, aire, combustible, temperatura de los gases de escape, velocidad, rpm y mucho m\u00e1s.<\/p>\n<p>Datalogger est\u00e1 siempre incluido para los usuarios de Flex con el software Full.<\/p>\n<p><img loading=\"lazy\" decoding=\"async\" class=\"aligncenter size-full wp-image-3217\" src=\"http:\/\/167.86.125.240:8082\/wp-content\/uploads\/2025\/01\/flex-data-logger.jpg\" alt=\"\" width=\"500\" height=\"500\" srcset=\"https:\/\/mejordiagnosis.com\/tienda\/wp-content\/uploads\/2025\/01\/flex-data-logger.jpg 500w, https:\/\/mejordiagnosis.com\/tienda\/wp-content\/uploads\/2025\/01\/flex-data-logger-300x300.jpg 300w, https:\/\/mejordiagnosis.com\/tienda\/wp-content\/uploads\/2025\/01\/flex-data-logger-150x150.jpg 150w, https:\/\/mejordiagnosis.com\/tienda\/wp-content\/uploads\/2025\/01\/flex-data-logger-100x100.jpg 100w\" sizes=\"(max-width: 500px) 100vw, 500px\" \/><\/p>\n<h3 id=\"KHS274P\"><strong>NUNCA FALTAR\u00c1 LA ATENCI\u00d3N AL CLIENTE<\/strong><\/h3>\n<p>Atenci\u00f3n al cliente multi idioma y multi canal. Nuestro servicio de atenci\u00f3n al cliente responde a sus solicitudes en<strong>\u00a0ingl\u00e9s, italiano, espa\u00f1ol, alem\u00e1n, franc\u00e9s, alban\u00e9s y chino.<\/strong><\/p>\n<p>Puedes contactar con nosotros por tel\u00e9fono, chat, redes sociales y a trav\u00e9s de nuestra \u00e1rea de clientes Heldpdesk, de lunes a viernes de 8 a 22h y los s\u00e1bados de 9 a 13h.<\/p>\n<p>Con Flex tambi\u00e9n obtiene una garant\u00eda de producto ilimitada con servicio de reparaci\u00f3n o reemplazo en caso de fallo.<\/p>\n<p><img loading=\"lazy\" decoding=\"async\" class=\"aligncenter size-full wp-image-3218\" src=\"http:\/\/167.86.125.240:8082\/wp-content\/uploads\/2025\/01\/flex-customer-care.jpg\" alt=\"\" width=\"500\" height=\"500\" srcset=\"https:\/\/mejordiagnosis.com\/tienda\/wp-content\/uploads\/2025\/01\/flex-customer-care.jpg 500w, https:\/\/mejordiagnosis.com\/tienda\/wp-content\/uploads\/2025\/01\/flex-customer-care-300x300.jpg 300w, https:\/\/mejordiagnosis.com\/tienda\/wp-content\/uploads\/2025\/01\/flex-customer-care-150x150.jpg 150w, https:\/\/mejordiagnosis.com\/tienda\/wp-content\/uploads\/2025\/01\/flex-customer-care-100x100.jpg 100w\" sizes=\"(max-width: 500px) 100vw, 500px\" \/><\/p>\n","protected":false},"excerpt":{"rendered":"<div class=\"product-info-stock-sku\">\n<div class=\"product attribute sku\"><span style=\"font-size: 16px;\">FLEX es una herramienta innovadora para talleres de mecatr\u00f3nica que respalda completamente los \u00faltimos desarrollos en el campo de la puesta a punto y la reparaci\u00f3n de autom\u00f3viles. Ahora totalmente personalizable y <\/span><span style=\"font-size: 16px;\">configurable. Elija su software, carga el logotipo de tu marca y crea tu dispositivo de chiptuning personal.<\/span><\/div>\n<\/div>\n<div class=\"product attribute overview\">\n<div class=\"value\">\n<p>&#8211; Programa r\u00e1pidamente las ECU<br \/>\n&#8211; M\u00e1s de 25.000 veh\u00edculos compatibles<br \/>\n&#8211; Software intuitivo<br \/>\n&#8211; Garant\u00eda limitada de por vida<br \/>\n&#8211; Apoyo t\u00e9cnico<\/p>\n<\/div>\n<\/div>\n<p>SKU: FLK02<\/p>\n<h6>NOTA: contacte con nosotros para adquirir este producto.<\/h6>\n","protected":false},"featured_media":3199,"template":"","meta":{"site-sidebar-layout":"default","site-content-layout":"","ast-site-content-layout":"default","site-content-style":"default","site-sidebar-style":"default","ast-global-header-display":"","ast-banner-title-visibility":"","ast-main-header-display":"","ast-hfb-above-header-display":"","ast-hfb-below-header-display":"","ast-hfb-mobile-header-display":"","site-post-title":"","ast-breadcrumbs-content":"","ast-featured-img":"","footer-sml-layout":"","ast-disable-related-posts":"","theme-transparent-header-meta":"default","adv-header-id-meta":"","stick-header-meta":"","header-above-stick-meta":"","header-main-stick-meta":"","header-below-stick-meta":"","astra-migrate-meta-layouts":"set","ast-page-background-enabled":"default","ast-page-background-meta":{"desktop":{"background-color":"var(--ast-global-color-4)","background-image":"","background-repeat":"repeat","background-position":"center center","background-size":"auto","background-attachment":"scroll","background-type":"","background-media":"","overlay-type":"","overlay-color":"","overlay-opacity":"","overlay-gradient":""},"tablet":{"background-color":"","background-image":"","background-repeat":"repeat","background-position":"center center","background-size":"auto","background-attachment":"scroll","background-type":"","background-media":"","overlay-type":"","overlay-color":"","overlay-opacity":"","overlay-gradient":""},"mobile":{"background-color":"","background-image":"","background-repeat":"repeat","background-position":"center center","background-size":"auto","background-attachment":"scroll","background-type":"","background-media":"","overlay-type":"","overlay-color":"","overlay-opacity":"","overlay-gradient":""}},"ast-content-background-meta":{"desktop":{"background-color":"var(--ast-global-color-5)","background-image":"","background-repeat":"repeat","background-position":"center center","background-size":"auto","background-attachment":"scroll","background-type":"","background-media":"","overlay-type":"","overlay-color":"","overlay-opacity":"","overlay-gradient":""},"tablet":{"background-color":"var(--ast-global-color-5)","background-image":"","background-repeat":"repeat","background-position":"center center","background-size":"auto","background-attachment":"scroll","background-type":"","background-media":"","overlay-type":"","overlay-color":"","overlay-opacity":"","overlay-gradient":""},"mobile":{"background-color":"var(--ast-global-color-5)","background-image":"","background-repeat":"repeat","background-position":"center center","background-size":"auto","background-attachment":"scroll","background-type":"","background-media":"","overlay-type":"","overlay-color":"","overlay-opacity":"","overlay-gradient":""}}},"product_brand":[282,279],"product_cat":[280],"product_tag":[283,120,284,134,104,115,121],"class_list":{"0":"post-3198","1":"product","2":"type-product","3":"status-publish","4":"has-post-thumbnail","6":"product_brand-flex","7":"product_brand-magic-motorsport","8":"product_cat-magic-motorsport","9":"product_tag-chiptuning","10":"product_tag-diagnosis","11":"product_tag-ecu","12":"product_tag-mcu","13":"product_tag-multimarca","14":"product_tag-reset","15":"product_tag-tiempo-real","16":"product_shipping_class-peso-mediano","17":"desktop-align-left","18":"tablet-align-left","19":"mobile-align-left","21":"first","22":"instock","23":"taxable","24":"shipping-taxable","25":"product-type-simple"},"yoast_head":"<!-- This site is optimized with the Yoast SEO plugin v27.4 - https:\/\/yoast.com\/product\/yoast-seo-wordpress\/ -->\n<title>Magic Flex Programador para ECU y TCU | Mejordiagnosis S.L<\/title>\n<meta name=\"description\" content=\"Descubre el Programador Flex para ECU y TCU, una herramienta avanzada para talleres de mecatr\u00f3nica. Personalizable, con m\u00e1s de 25.000 veh\u00edculos compatibles, y garant\u00eda limitada de por vida\" \/>\n<meta name=\"robots\" content=\"noindex, follow\" \/>\n<meta property=\"og:locale\" content=\"es_ES\" \/>\n<meta property=\"og:type\" content=\"article\" \/>\n<meta property=\"og:title\" content=\"Magic Flex Programador para ECU y TCU | Mejordiagnosis S.L\" \/>\n<meta property=\"og:description\" content=\"Descubre el Programador Flex para ECU y TCU, una herramienta avanzada para talleres de mecatr\u00f3nica. Personalizable, con m\u00e1s de 25.000 veh\u00edculos compatibles, y garant\u00eda limitada de por vida\" \/>\n<meta property=\"og:url\" content=\"https:\/\/mejordiagnosis.com\/tienda\/producto\/flex-programador-para-ecu-y-tcu\/\" \/>\n<meta property=\"og:site_name\" content=\"Mejordiagnosis S.L\" \/>\n<meta property=\"article:publisher\" content=\"https:\/\/www.facebook.com\/mejordiagnosis\/\" \/>\n<meta property=\"article:modified_time\" content=\"2026-01-19T11:49:45+00:00\" \/>\n<meta property=\"og:image\" content=\"https:\/\/mejordiagnosis.com\/tienda\/wp-content\/uploads\/2025\/01\/FLK02-full_2.jpg\" \/>\n\t<meta property=\"og:image:width\" content=\"600\" \/>\n\t<meta property=\"og:image:height\" content=\"600\" \/>\n\t<meta property=\"og:image:type\" content=\"image\/jpeg\" \/>\n<script type=\"application\/ld+json\" class=\"yoast-schema-graph\">{\"@context\":\"https:\\\/\\\/schema.org\",\"@graph\":[{\"@type\":\"WebPage\",\"@id\":\"https:\\\/\\\/mejordiagnosis.com\\\/tienda\\\/producto\\\/flex-programador-para-ecu-y-tcu\\\/\",\"url\":\"https:\\\/\\\/mejordiagnosis.com\\\/tienda\\\/producto\\\/flex-programador-para-ecu-y-tcu\\\/\",\"name\":\"Magic Flex Programador para ECU y TCU | Mejordiagnosis S.L\",\"isPartOf\":{\"@id\":\"https:\\\/\\\/mejordiagnosis.com\\\/tienda\\\/#website\"},\"primaryImageOfPage\":{\"@id\":\"https:\\\/\\\/mejordiagnosis.com\\\/tienda\\\/producto\\\/flex-programador-para-ecu-y-tcu\\\/#primaryimage\"},\"image\":{\"@id\":\"https:\\\/\\\/mejordiagnosis.com\\\/tienda\\\/producto\\\/flex-programador-para-ecu-y-tcu\\\/#primaryimage\"},\"thumbnailUrl\":\"https:\\\/\\\/mejordiagnosis.com\\\/tienda\\\/wp-content\\\/uploads\\\/2025\\\/01\\\/FLK02-full_2.jpg\",\"datePublished\":\"2025-01-27T11:37:58+00:00\",\"dateModified\":\"2026-01-19T11:49:45+00:00\",\"description\":\"Descubre el Programador Flex para ECU y TCU, una herramienta avanzada para talleres de mecatr\u00f3nica. Personalizable, con m\u00e1s de 25.000 veh\u00edculos compatibles, y garant\u00eda limitada de por vida\",\"breadcrumb\":{\"@id\":\"https:\\\/\\\/mejordiagnosis.com\\\/tienda\\\/producto\\\/flex-programador-para-ecu-y-tcu\\\/#breadcrumb\"},\"inLanguage\":\"es\",\"potentialAction\":[{\"@type\":\"ReadAction\",\"target\":[\"https:\\\/\\\/mejordiagnosis.com\\\/tienda\\\/producto\\\/flex-programador-para-ecu-y-tcu\\\/\"]}]},{\"@type\":\"ImageObject\",\"inLanguage\":\"es\",\"@id\":\"https:\\\/\\\/mejordiagnosis.com\\\/tienda\\\/producto\\\/flex-programador-para-ecu-y-tcu\\\/#primaryimage\",\"url\":\"https:\\\/\\\/mejordiagnosis.com\\\/tienda\\\/wp-content\\\/uploads\\\/2025\\\/01\\\/FLK02-full_2.jpg\",\"contentUrl\":\"https:\\\/\\\/mejordiagnosis.com\\\/tienda\\\/wp-content\\\/uploads\\\/2025\\\/01\\\/FLK02-full_2.jpg\",\"width\":600,\"height\":600},{\"@type\":\"BreadcrumbList\",\"@id\":\"https:\\\/\\\/mejordiagnosis.com\\\/tienda\\\/producto\\\/flex-programador-para-ecu-y-tcu\\\/#breadcrumb\",\"itemListElement\":[{\"@type\":\"ListItem\",\"position\":1,\"name\":\"Portada\",\"item\":\"https:\\\/\\\/mejordiagnosis.com\\\/tienda\\\/\"},{\"@type\":\"ListItem\",\"position\":2,\"name\":\"Tienda\",\"item\":\"https:\\\/\\\/mejordiagnosis.com\\\/tienda\\\/shop\\\/\"},{\"@type\":\"ListItem\",\"position\":3,\"name\":\"Magic Flex Programador para ECU y TCU\"}]},{\"@type\":\"WebSite\",\"@id\":\"https:\\\/\\\/mejordiagnosis.com\\\/tienda\\\/#website\",\"url\":\"https:\\\/\\\/mejordiagnosis.com\\\/tienda\\\/\",\"name\":\"Mejordiagnosis.com\",\"description\":\"Equipos de diagnosis para el autom&oacute;vil\",\"publisher\":{\"@id\":\"https:\\\/\\\/mejordiagnosis.com\\\/tienda\\\/#organization\"},\"alternateName\":\"Mejordiagnosisnm S.L\",\"potentialAction\":[{\"@type\":\"SearchAction\",\"target\":{\"@type\":\"EntryPoint\",\"urlTemplate\":\"https:\\\/\\\/mejordiagnosis.com\\\/tienda\\\/?s={search_term_string}\"},\"query-input\":{\"@type\":\"PropertyValueSpecification\",\"valueRequired\":true,\"valueName\":\"search_term_string\"}}],\"inLanguage\":\"es\"},{\"@type\":\"Organization\",\"@id\":\"https:\\\/\\\/mejordiagnosis.com\\\/tienda\\\/#organization\",\"name\":\"Mejordiagnosis S.L\",\"alternateName\":\"Mejor Diagnosis\",\"url\":\"https:\\\/\\\/mejordiagnosis.com\\\/tienda\\\/\",\"logo\":{\"@type\":\"ImageObject\",\"inLanguage\":\"es\",\"@id\":\"https:\\\/\\\/mejordiagnosis.com\\\/tienda\\\/#\\\/schema\\\/logo\\\/image\\\/\",\"url\":\"https:\\\/\\\/mejordiagnosis.com\\\/tienda\\\/wp-content\\\/uploads\\\/2025\\\/03\\\/cropped-cropped-cropped-cropped-logo-removebg-300x257-1.png\",\"contentUrl\":\"https:\\\/\\\/mejordiagnosis.com\\\/tienda\\\/wp-content\\\/uploads\\\/2025\\\/03\\\/cropped-cropped-cropped-cropped-logo-removebg-300x257-1.png\",\"width\":300,\"height\":257,\"caption\":\"Mejordiagnosis S.L\"},\"image\":{\"@id\":\"https:\\\/\\\/mejordiagnosis.com\\\/tienda\\\/#\\\/schema\\\/logo\\\/image\\\/\"},\"sameAs\":[\"https:\\\/\\\/www.facebook.com\\\/mejordiagnosis\\\/\",\"https:\\\/\\\/www.instagram.com\\\/mejor.diagnosis\\\/\",\"https:\\\/\\\/www.tiktok.com\\\/@mejor.diagnosis?lang=es\"]}]}<\/script>\n<!-- \/ Yoast SEO plugin. -->","yoast_head_json":{"title":"Magic Flex Programador para ECU y TCU | Mejordiagnosis S.L","description":"Descubre el Programador Flex para ECU y TCU, una herramienta avanzada para talleres de mecatr\u00f3nica. Personalizable, con m\u00e1s de 25.000 veh\u00edculos compatibles, y garant\u00eda limitada de por vida","robots":{"index":"noindex","follow":"follow"},"og_locale":"es_ES","og_type":"article","og_title":"Magic Flex Programador para ECU y TCU | Mejordiagnosis S.L","og_description":"Descubre el Programador Flex para ECU y TCU, una herramienta avanzada para talleres de mecatr\u00f3nica. Personalizable, con m\u00e1s de 25.000 veh\u00edculos compatibles, y garant\u00eda limitada de por vida","og_url":"https:\/\/mejordiagnosis.com\/tienda\/producto\/flex-programador-para-ecu-y-tcu\/","og_site_name":"Mejordiagnosis S.L","article_publisher":"https:\/\/www.facebook.com\/mejordiagnosis\/","article_modified_time":"2026-01-19T11:49:45+00:00","og_image":[{"width":600,"height":600,"url":"https:\/\/mejordiagnosis.com\/tienda\/wp-content\/uploads\/2025\/01\/FLK02-full_2.jpg","type":"image\/jpeg"}],"schema":{"@context":"https:\/\/schema.org","@graph":[{"@type":"WebPage","@id":"https:\/\/mejordiagnosis.com\/tienda\/producto\/flex-programador-para-ecu-y-tcu\/","url":"https:\/\/mejordiagnosis.com\/tienda\/producto\/flex-programador-para-ecu-y-tcu\/","name":"Magic Flex Programador para ECU y TCU | Mejordiagnosis S.L","isPartOf":{"@id":"https:\/\/mejordiagnosis.com\/tienda\/#website"},"primaryImageOfPage":{"@id":"https:\/\/mejordiagnosis.com\/tienda\/producto\/flex-programador-para-ecu-y-tcu\/#primaryimage"},"image":{"@id":"https:\/\/mejordiagnosis.com\/tienda\/producto\/flex-programador-para-ecu-y-tcu\/#primaryimage"},"thumbnailUrl":"https:\/\/mejordiagnosis.com\/tienda\/wp-content\/uploads\/2025\/01\/FLK02-full_2.jpg","datePublished":"2025-01-27T11:37:58+00:00","dateModified":"2026-01-19T11:49:45+00:00","description":"Descubre el Programador Flex para ECU y TCU, una herramienta avanzada para talleres de mecatr\u00f3nica. Personalizable, con m\u00e1s de 25.000 veh\u00edculos compatibles, y garant\u00eda limitada de por vida","breadcrumb":{"@id":"https:\/\/mejordiagnosis.com\/tienda\/producto\/flex-programador-para-ecu-y-tcu\/#breadcrumb"},"inLanguage":"es","potentialAction":[{"@type":"ReadAction","target":["https:\/\/mejordiagnosis.com\/tienda\/producto\/flex-programador-para-ecu-y-tcu\/"]}]},{"@type":"ImageObject","inLanguage":"es","@id":"https:\/\/mejordiagnosis.com\/tienda\/producto\/flex-programador-para-ecu-y-tcu\/#primaryimage","url":"https:\/\/mejordiagnosis.com\/tienda\/wp-content\/uploads\/2025\/01\/FLK02-full_2.jpg","contentUrl":"https:\/\/mejordiagnosis.com\/tienda\/wp-content\/uploads\/2025\/01\/FLK02-full_2.jpg","width":600,"height":600},{"@type":"BreadcrumbList","@id":"https:\/\/mejordiagnosis.com\/tienda\/producto\/flex-programador-para-ecu-y-tcu\/#breadcrumb","itemListElement":[{"@type":"ListItem","position":1,"name":"Portada","item":"https:\/\/mejordiagnosis.com\/tienda\/"},{"@type":"ListItem","position":2,"name":"Tienda","item":"https:\/\/mejordiagnosis.com\/tienda\/shop\/"},{"@type":"ListItem","position":3,"name":"Magic Flex Programador para ECU y TCU"}]},{"@type":"WebSite","@id":"https:\/\/mejordiagnosis.com\/tienda\/#website","url":"https:\/\/mejordiagnosis.com\/tienda\/","name":"Mejordiagnosis.com","description":"Equipos de diagnosis para el autom&oacute;vil","publisher":{"@id":"https:\/\/mejordiagnosis.com\/tienda\/#organization"},"alternateName":"Mejordiagnosisnm S.L","potentialAction":[{"@type":"SearchAction","target":{"@type":"EntryPoint","urlTemplate":"https:\/\/mejordiagnosis.com\/tienda\/?s={search_term_string}"},"query-input":{"@type":"PropertyValueSpecification","valueRequired":true,"valueName":"search_term_string"}}],"inLanguage":"es"},{"@type":"Organization","@id":"https:\/\/mejordiagnosis.com\/tienda\/#organization","name":"Mejordiagnosis S.L","alternateName":"Mejor Diagnosis","url":"https:\/\/mejordiagnosis.com\/tienda\/","logo":{"@type":"ImageObject","inLanguage":"es","@id":"https:\/\/mejordiagnosis.com\/tienda\/#\/schema\/logo\/image\/","url":"https:\/\/mejordiagnosis.com\/tienda\/wp-content\/uploads\/2025\/03\/cropped-cropped-cropped-cropped-logo-removebg-300x257-1.png","contentUrl":"https:\/\/mejordiagnosis.com\/tienda\/wp-content\/uploads\/2025\/03\/cropped-cropped-cropped-cropped-logo-removebg-300x257-1.png","width":300,"height":257,"caption":"Mejordiagnosis S.L"},"image":{"@id":"https:\/\/mejordiagnosis.com\/tienda\/#\/schema\/logo\/image\/"},"sameAs":["https:\/\/www.facebook.com\/mejordiagnosis\/","https:\/\/www.instagram.com\/mejor.diagnosis\/","https:\/\/www.tiktok.com\/@mejor.diagnosis?lang=es"]}]}},"_links":{"self":[{"href":"https:\/\/mejordiagnosis.com\/tienda\/wp-json\/wp\/v2\/product\/3198","targetHints":{"allow":["GET"]}}],"collection":[{"href":"https:\/\/mejordiagnosis.com\/tienda\/wp-json\/wp\/v2\/product"}],"about":[{"href":"https:\/\/mejordiagnosis.com\/tienda\/wp-json\/wp\/v2\/types\/product"}],"wp:featuredmedia":[{"embeddable":true,"href":"https:\/\/mejordiagnosis.com\/tienda\/wp-json\/wp\/v2\/media\/3199"}],"wp:attachment":[{"href":"https:\/\/mejordiagnosis.com\/tienda\/wp-json\/wp\/v2\/media?parent=3198"}],"wp:term":[{"taxonomy":"product_brand","embeddable":true,"href":"https:\/\/mejordiagnosis.com\/tienda\/wp-json\/wp\/v2\/product_brand?post=3198"},{"taxonomy":"product_cat","embeddable":true,"href":"https:\/\/mejordiagnosis.com\/tienda\/wp-json\/wp\/v2\/product_cat?post=3198"},{"taxonomy":"product_tag","embeddable":true,"href":"https:\/\/mejordiagnosis.com\/tienda\/wp-json\/wp\/v2\/product_tag?post=3198"}],"curies":[{"name":"wp","href":"https:\/\/api.w.org\/{rel}","templated":true}]}}